{"id":3163,"date":"2021-06-02T18:09:03","date_gmt":"2021-06-02T16:09:03","guid":{"rendered":"http:\/\/monperejeanmamy.fr\/?page_id=3163"},"modified":"2021-06-02T18:15:22","modified_gmt":"2021-06-02T16:15:22","slug":"jr-a-jm-49-03-22","status":"publish","type":"page","link":"https:\/\/monperejeanmamy.fr\/?page_id=3163","title":{"rendered":"JR \u00e0 JM (49\/03\/22)"},"content":{"rendered":"<p><a href=\"http:\/\/monperejeanmamy.fr\/?page_id=3161\"><img loading=\"lazy\" class=\"wp-image-1352 alignleft\" src=\"http:\/\/monperejeanmamy.fr\/wp-content\/uploads\/2021\/03\/Lettre-precedente.jpg\" alt=\"\" width=\"143\" height=\"78\" \/><\/a><a href=\"http:\/\/monperejeanmamy.fr\/?page_id=3168\"><img loading=\"lazy\" class=\"alignright wp-image-1353\" src=\"http:\/\/monperejeanmamy.fr\/wp-content\/uploads\/2021\/03\/Lettre-suivante.jpg\" alt=\"\" width=\"139\" height=\"76\" \/><\/a><\/p>\n<p style=\"text-align: center;\"><strong>Mardi 22 Mars 1949<br \/>\n<\/strong><\/p>\n<p style=\"text-align: center;\">Mon ch\u00e9ri,<\/p>\n<p style=\"text-align: justify;\">Re\u00e7u ce matin ta lettre du 20. \u00ab\u00a0<em>Ton d\u00e9part dans une exp\u00e9rience si belle, si fructueuse&#8230; Tes tas de projets&#8230; R\u00e9alisables\u00a0; Et combien plus int\u00e9ressants que la politique<\/em>\u00a0\u00bb&#8230; Je n&rsquo;aime pas du tout \u00e7a. \u00c0 tout prendre, je pr\u00e9f\u00e8re encore que tu fasses de la politique. Mais \u00e0 l&rsquo;avenir, j&rsquo;en ferai avec toi. Pour veiller \u00e0 tes actes et freiner tes exc\u00e8s. \u00c9couteras-tu mes conseils ? Je crois que oui. Je crois m\u00eame que tu seras devenu si raisonnable, que je n&rsquo;aurai \u00e0 t&rsquo;adresser aucune critique.<\/p>\n<p style=\"text-align: justify;\">Rien de nouveau ce soir. \u00ab\u00a0<em>Le Pr\u00e9sident souffre d&rsquo;une l\u00e9g\u00e8re congestion pulmonaire. Il garde la chambre et ne re\u00e7oit aucune visite. Son \u00e9tat n&rsquo;inspire pourtant pas d&rsquo;inqui\u00e9tude s\u00e9rieuse \u00e0 son entourage<\/em>\u00a0\u00bb.<\/p>\n<p style=\"text-align: justify;\">C&rsquo;est \u00e9nervant ! Je voudrais bien qu&rsquo;on en finisse avec cette menace, et qu&rsquo;on puisse, tout tranquillement, se pr\u00e9occuper de r\u00e9duire les T.F. en 20 ans, puis en 10 ans, puis en&#8230; \u00ab\u00a0<em>C&rsquo;est fini ! Bonjour ! Me Voil\u00e0 ! Oubli\u00e9e, la vilaine histoire ! O\u00f9 est Catherine ? Vite ! Pensons-y. Allo ! Allo ! Bureau &#8211; M\u00e9tro &#8211; Concerts &#8211; Poker &#8211; Contrats &#8211; Agenda &#8211; Rendez-vous &#8211; Travail fou &#8211; \u00c9ch\u00e9ances &#8211; Redevances &#8211; Additions &#8211; Soustractions &#8230; D\u00e9ceptions !&#8230; mais, Amour &#8211; Toujours<\/em>\u00a0\u00bb.<\/p>\n<p style=\"text-align: justify;\">Que penses-tu de mon petit po\u00e8me \u00e0 la mani\u00e8re de&#8230; ? Tu vois que je ne manque pas de talent ? Et si je voulais, j&rsquo;en \u00e9crirais comme \u00e7a aussi long que toi. Et c&rsquo;est pas si mal ! \u00c0 le relire, je trouve m\u00eame \u00e7a tr\u00e8s bien. Je vais songer \u00e0 le faire \u00e9diter.<\/p>\n<p style=\"text-align: justify;\">Je te dis bonsoir, Mon ch\u00e9ri. J&rsquo;aimerais tant t&rsquo;avoir pr\u00e8s de moi. Un peu de patience encore. Nous avons tout de m\u00eame bien m\u00e9rit\u00e9 les beaux jours que nous nous promettons depuis 4 ans \u00bd. Mais le plus gros est fait. J&rsquo;en suis s\u00fbre. Heureusement.<\/p>\n<p style=\"text-align: justify;\">Gros baisers. Mon ch\u00e9ri.<\/p>\n<p style=\"text-align: justify;\">JR<\/p>\n<p style=\"text-align: justify;\">Je t&rsquo;ai envoy\u00e9 ton mandat hier. G\u00e9ranton a re\u00e7u une bonne lettre de toi. Il m&rsquo;a t\u00e9l\u00e9phon\u00e9 ce soir.<\/p>\n","protected":false},"excerpt":{"rendered":"<p>Mardi 22 Mars 1949 Mon ch\u00e9ri, Re\u00e7u ce matin ta lettre du 20. \u00ab\u00a0Ton d\u00e9part dans une exp\u00e9rience si belle, si fructueuse&#8230; Tes tas de projets&#8230; R\u00e9alisables\u00a0; Et combien plus int\u00e9ressants que la politique\u00a0\u00bb&#8230; Je n&rsquo;aime pas du tout \u00e7a. &hellip; <a href=\"https:\/\/monperejeanmamy.fr\/?page_id=3163\">Continuer la lecture <span class=\"meta-nav\">&rarr;<\/span><\/a><\/p>\n","protected":false},"author":2,"featured_media":11,"parent":0,"menu_order":0,"comment_status":"closed","ping_status":"closed","template":"","meta":[],"folder":[],"_links":{"self":[{"href":"https:\/\/monperejeanmamy.fr\/index.php?rest_route=\/wp\/v2\/pages\/3163"}],"collection":[{"href":"https:\/\/monperejeanmamy.fr\/index.php?rest_route=\/wp\/v2\/pages"}],"about":[{"href":"https:\/\/monperejeanmamy.fr\/index.php?rest_route=\/wp\/v2\/types\/page"}],"author":[{"embeddable":true,"href":"https:\/\/monperejeanmamy.fr\/index.php?rest_route=\/wp\/v2\/users\/2"}],"replies":[{"embeddable":true,"href":"https:\/\/monperejeanmamy.fr\/index.php?rest_route=%2Fwp%2Fv2%2Fcomments&post=3163"}],"version-history":[{"count":2,"href":"https:\/\/monperejeanmamy.fr\/index.php?rest_route=\/wp\/v2\/pages\/3163\/revisions"}],"predecessor-version":[{"id":3171,"href":"https:\/\/monperejeanmamy.fr\/index.php?rest_route=\/wp\/v2\/pages\/3163\/revisions\/3171"}],"wp:featuredmedia":[{"embeddable":true,"href":"https:\/\/monperejeanmamy.fr\/index.php?rest_route=\/wp\/v2\/media\/11"}],"wp:attachment":[{"href":"https:\/\/monperejeanmamy.fr\/index.php?rest_route=%2Fwp%2Fv2%2Fmedia&parent=3163"}],"wp:term":[{"taxonomy":"folder","embeddable":true,"href":"https:\/\/monperejeanmamy.fr\/index.php?rest_route=%2Fwp%2Fv2%2Ffolder&post=3163"}],"curies":[{"name":"wp","href":"https:\/\/api.w.org\/{rel}","templated":true}]}}