{"id":3172,"date":"2021-06-02T18:21:43","date_gmt":"2021-06-02T16:21:43","guid":{"rendered":"http:\/\/monperejeanmamy.fr\/?page_id=3172"},"modified":"2024-01-27T15:50:14","modified_gmt":"2024-01-27T14:50:14","slug":"jr-a-jm-49-03-24","status":"publish","type":"page","link":"https:\/\/monperejeanmamy.fr\/?page_id=3172","title":{"rendered":"JR \u00e0 JM (49\/03\/24)"},"content":{"rendered":"<p><a href=\"http:\/\/monperejeanmamy.fr\/?page_id=3168\"><img loading=\"lazy\" class=\"wp-image-1352 alignleft\" src=\"http:\/\/monperejeanmamy.fr\/wp-content\/uploads\/2021\/03\/Lettre-precedente.jpg\" alt=\"\" width=\"143\" height=\"78\" \/><\/a><a href=\"http:\/\/monperejeanmamy.fr\/?page_id=3175\"><img loading=\"lazy\" class=\"alignright wp-image-1353\" src=\"http:\/\/monperejeanmamy.fr\/wp-content\/uploads\/2021\/03\/Lettre-suivante.jpg\" alt=\"\" width=\"139\" height=\"76\" \/><\/a><\/p>\n<p style=\"text-align: center;\"><strong>Jeudi 24 Mars 1949<br \/>\n<\/strong><\/p>\n<p style=\"text-align: center;\">Mon ch\u00e9ri,<\/p>\n<p style=\"text-align: justify;\">Au re\u00e7u de ma lettre, tu auras vu, demain vendredi, Me Leroy, et tu conna\u00eetras tous les d\u00e9tails de l&rsquo;entrevue d&rsquo;aujourd&rsquo;hui. L&rsquo;impression est bonne, et la d\u00e9marche faite me parait des plus importantes. J&rsquo;ai h\u00e2te d&rsquo;\u00eatre \u00e0 la semaine prochaine.<\/p>\n<p style=\"text-align: justify;\">Ce n&rsquo;est pas seulement par intuition personnelle que j&rsquo;ai bon espoir. J&rsquo;ai <u>une<\/u> certitude au moins. Pour le reste, je ne sais pas. C&rsquo;est imp\u00e9n\u00e9trable. D&rsquo;ailleurs, on m&rsquo;a pr\u00e9cis\u00e9 que \u2014m\u00eame si on avait connaissance de tous les avis\u2014, on ne pourrait pr\u00e9voir exactement la d\u00e9cision, car elle d\u00e9pend, en d\u00e9finitive du Pr\u00e9sident et elle ne correspond pas toujours \u00e0 ce qu&rsquo;on pr\u00e9voyait d&rsquo;apr\u00e8s les pourcentages favorables ou d\u00e9favorables.<\/p>\n<p style=\"text-align: justify;\">Mais il me semble que la r\u00e9ception d&rsquo;aujourd&rsquo;hui permet beaucoup d&rsquo;espoir. G\u00e9ranton me disait ce soir que nombreux avocats de ses amis avaient tout de suite devin\u00e9, d&rsquo;apr\u00e8s l&rsquo;accueil du Pr\u00e9sident, que leur client ne s&rsquo;en tirerait pas. L&rsquo;impression que Leroy a retir\u00e9e de la visite, me parait toute diff\u00e9rente. Et je suis s\u00fbre qu&rsquo;il ne me raconte pas d&rsquo;histoires. Si tu es un grand gar\u00e7on \u00e0 qui on peut tout dire, moi, je suis une grande fille qui peut, aussi, tout entendre. (sauf les b\u00eatises que tu me dis dans ta lettre d&rsquo;hier : \u00ab\u00a0<em>gr\u00e2ce ou ex\u00e9cution, c&rsquo;est tout un \u2014la vie qui n&rsquo;est pas la vie\u2026<\/em>\u00a0\u00bb. Pour moi, une seule chose compte : c&rsquo;est que tu ne re\u00e7oives pas douze balles dans la peau et que je revois bient\u00f4t le bout de ton nez).<\/p>\n<p style=\"text-align: justify;\">Et plus la d\u00e9cision approche, plus j&rsquo;ai confiance. Il y a dans ton dossier des \u00e9l\u00e9ments qui peuvent justifier une gr\u00e2ce : on a beaucoup appuy\u00e9 sur les rapports d&rsquo;experts ; et puis il y a cette absence d&rsquo;argent, et cet oiseau de mauvais augure que tu as suivi, les yeux ferm\u00e9s, et ton attitude \u00e0 l&rsquo;audience.<\/p>\n<p style=\"text-align: justify;\">Leroy a \u00e9t\u00e9 adroit d&rsquo;insister aujourd&rsquo;hui sur les deux enfants qu&rsquo;une ex\u00e9cution punirait davantage que toi. Je suis tr\u00e8s contente que ce soit lui qui ait eu \u00e0 faire cette d\u00e9licate d\u00e9marche. Il me semble qu&rsquo;il est tout \u00e0 fait l&rsquo;homme qu&rsquo;il faut pour attendrir celui qui a \u00e0 prendre une si grave d\u00e9cision. De plus, depuis le mois de d\u00e9cembre, il te conna\u00eet de mieux en mieux, et il aura pu te faire non seulement pardonner, mais j&rsquo;en suis s\u00fbre, appr\u00e9cier, car il t&rsquo;aime beaucoup et te comprend bien.<\/p>\n<p style=\"text-align: justify;\">Vite la semaine prochaine. Promets-moi de m&rsquo;\u00e9crire des lettres rien que pour moi, o\u00f9 tu ne me parleras plus de cette m\u00e9chante affaire. Pendant quelques temps, nous nous reposerons (en attendant de travailler activement \u00e0 ta lib\u00e9ration compl\u00e8te) et nous ne ferons que des projets d&rsquo;avenir, ou nous parlerons d&rsquo;avant 44, d&rsquo;avant 40, m\u00eame, si tu veux. Tu te souviens du premier chocolat que tu m&rsquo;as servi un matin ? (\u00c7a n&rsquo;a pas dur\u00e9 d&rsquo;ailleurs. Tu me l&rsquo;avais promis pour me tenter et me faire rester avec toi. Apr\u00e8s, tu me mettais \u00e0 la porte sans te pr\u00e9occuper de mon petit d\u00e9jeuner).<\/p>\n<p style=\"text-align: justify;\">Je voudrais bien te servir un chocolat tous les matins. Je t&#8217;embrasse tr\u00e8s tendrement.<\/p>\n<p style=\"text-align: justify;\">JR<\/p>\n","protected":false},"excerpt":{"rendered":"<p>Jeudi 24 Mars 1949 Mon ch\u00e9ri, Au re\u00e7u de ma lettre, tu auras vu, demain vendredi, Me Leroy, et tu conna\u00eetras tous les d\u00e9tails de l&rsquo;entrevue d&rsquo;aujourd&rsquo;hui. L&rsquo;impression est bonne, et la d\u00e9marche faite me parait des plus importantes. J&rsquo;ai &hellip; <a href=\"https:\/\/monperejeanmamy.fr\/?page_id=3172\">Continuer la lecture <span class=\"meta-nav\">&rarr;<\/span><\/a><\/p>\n","protected":false},"author":2,"featured_media":11,"parent":0,"menu_order":0,"comment_status":"closed","ping_status":"closed","template":"","meta":[],"folder":[],"_links":{"self":[{"href":"https:\/\/monperejeanmamy.fr\/index.php?rest_route=\/wp\/v2\/pages\/3172"}],"collection":[{"href":"https:\/\/monperejeanmamy.fr\/index.php?rest_route=\/wp\/v2\/pages"}],"about":[{"href":"https:\/\/monperejeanmamy.fr\/index.php?rest_route=\/wp\/v2\/types\/page"}],"author":[{"embeddable":true,"href":"https:\/\/monperejeanmamy.fr\/index.php?rest_route=\/wp\/v2\/users\/2"}],"replies":[{"embeddable":true,"href":"https:\/\/monperejeanmamy.fr\/index.php?rest_route=%2Fwp%2Fv2%2Fcomments&post=3172"}],"version-history":[{"count":4,"href":"https:\/\/monperejeanmamy.fr\/index.php?rest_route=\/wp\/v2\/pages\/3172\/revisions"}],"predecessor-version":[{"id":3320,"href":"https:\/\/monperejeanmamy.fr\/index.php?rest_route=\/wp\/v2\/pages\/3172\/revisions\/3320"}],"wp:featuredmedia":[{"embeddable":true,"href":"https:\/\/monperejeanmamy.fr\/index.php?rest_route=\/wp\/v2\/media\/11"}],"wp:attachment":[{"href":"https:\/\/monperejeanmamy.fr\/index.php?rest_route=%2Fwp%2Fv2%2Fmedia&parent=3172"}],"wp:term":[{"taxonomy":"folder","embeddable":true,"href":"https:\/\/monperejeanmamy.fr\/index.php?rest_route=%2Fwp%2Fv2%2Ffolder&post=3172"}],"curies":[{"name":"wp","href":"https:\/\/api.w.org\/{rel}","templated":true}]}}