{"id":3194,"date":"2023-07-14T10:38:58","date_gmt":"2023-07-14T08:38:58","guid":{"rendered":"http:\/\/monperejeanmamy.fr\/?page_id=3194"},"modified":"2023-07-15T14:31:34","modified_gmt":"2023-07-15T12:31:34","slug":"mon-frere-etait-age-de-35-ans-a-sa-naissance","status":"publish","type":"page","link":"https:\/\/monperejeanmamy.fr\/?page_id=3194","title":{"rendered":"Mon fr\u00e8re \u00e9tait \u00e2g\u00e9 de 35 ans \u00e0 sa naissance !!!"},"content":{"rendered":"<h1 style=\"text-align: center;\">Ma r\u00e9action \u00e0 la d\u00e9couverte du grand secret de famille<\/h1>\n<p style=\"text-align: right;\">3 juin 1966<\/p>\n<p style=\"text-align: justify;\">Cher Monsieur,<\/p>\n<p style=\"text-align: justify;\">Ou plut\u00f4t cher Bernard si vous me le permettez, votre carte du 5 mai dernier m\u2019a, je l\u2019avoue, beaucoup surpris. Je ne m\u2019attendais pas \u00e0 une telle r\u00e9v\u00e9lation et j\u2019ai cru devoir en avertir imm\u00e9diatement ma m\u00e8re avant de r\u00e9pondre \u00e0 votre rendez-vous. En effet, je la consid\u00e8re comme seul juge de ce que dois conna\u00eetre de ce pass\u00e9. Elle en a d\u2019ailleurs \u00e9t\u00e9 particuli\u00e8rement touch\u00e9e et je me f\u00e9licite donc de ma r\u00e9action. Elle a \u00e9t\u00e9 tr\u00e8s heureuse de se lib\u00e9rer de certains secrets qu\u2019elle conservait depuis bien longtemps. Je crois pour ma part qu\u2019elle a eu raison de ne pas me parler de vous plus t\u00f4t car, m\u00eame aujourd\u2019hui, cela m\u2019a donn\u00e9 beaucoup \u00e0 r\u00e9fl\u00e9chir et il est probable qu\u2019une telle r\u00e9v\u00e9lation faite lorsque j\u2019\u00e9tais plus jeune m\u2019aurait frapp\u00e9 exag\u00e9r\u00e9ment.<\/p>\n<p style=\"text-align: justify;\"><img loading=\"lazy\" class=\"alignleft size-medium wp-image-3193\" src=\"http:\/\/monperejeanmamy.fr\/wp-content\/uploads\/2023\/07\/1966-06-03-Lettre-FGR-a-BM-273x300.jpg\" alt=\"\" width=\"273\" height=\"300\" srcset=\"https:\/\/monperejeanmamy.fr\/wp-content\/uploads\/2023\/07\/1966-06-03-Lettre-FGR-a-BM-273x300.jpg 273w, https:\/\/monperejeanmamy.fr\/wp-content\/uploads\/2023\/07\/1966-06-03-Lettre-FGR-a-BM-931x1024.jpg 931w, https:\/\/monperejeanmamy.fr\/wp-content\/uploads\/2023\/07\/1966-06-03-Lettre-FGR-a-BM-768x845.jpg 768w, https:\/\/monperejeanmamy.fr\/wp-content\/uploads\/2023\/07\/1966-06-03-Lettre-FGR-a-BM-1396x1536.jpg 1396w, https:\/\/monperejeanmamy.fr\/wp-content\/uploads\/2023\/07\/1966-06-03-Lettre-FGR-a-BM.jpg 1788w\" sizes=\"(max-width: 273px) 100vw, 273px\" \/>Votre lettre du 26 mai m\u2019a \u00e9t\u00e9 tr\u00e8s agr\u00e9able, \u00e0 vrai dire je l\u2019attendais. Votre action, en effet, ne pouvait se r\u00e9sumer \u00e0 cette carte que, dans mon for int\u00e9rieur, je trouvais un peu s\u00e8che et laconique. Mais pouvait-il en \u00eatre autrement pour une premi\u00e8re tentative directe\u00a0?<\/p>\n<p style=\"text-align: justify;\">Cette derni\u00e8re lettre de mon p\u00e8re dont je n\u2019ai pratiquement aucun souvenir, jointe \u00e0 celles que maman m\u2019a fait lire, m\u2019a beaucoup \u00e9difi\u00e9 sur cet homme que je ne connaissais que fort peu.<\/p>\n<p style=\"text-align: justify;\">Tout ce que j\u2019en savais, je l\u2019avais devin\u00e9 \u00e0 la suite de recoupements, en utilisant des d\u00e9tails infimes \u00e9chapp\u00e9s de la bouche de ma m\u00e8re ou de ma famille. J\u2019ai d\u00e8s lors une vue beaucoup plus nette d\u2019\u00e9v\u00e8nements que je m\u2019\u00e9tais jur\u00e9 de ne jamais \u00e9voquer le premier, laissant \u00e0 ma m\u00e8re la libert\u00e9 de m\u2019en parler ou de garder ce secret. Il est certain que maintenant je voudrais en savoir plus sur mon p\u00e8re (il m\u2019est encore difficile de dire notre p\u00e8re, mais je pense que c\u2019est compr\u00e9hensible et que cela viendra) et surtout lire ses \u00e9crits, non pour faire miennes ses id\u00e9es car de mon propre chef j\u2019ai pris une direction spirituelle totalement oppos\u00e9e, probablement \u00e0 cause de mon go\u00fbt pour les sciences physiques et math\u00e9matiques, et je ne con\u00e7ois pas actuellement d\u2019y revenir, mais pour ma propre culture car le peu que j\u2019en sais m\u2019a montr\u00e9 un homme extraordinaire comme il en existe bien peu aujourd\u2019hui. Cette vie vou\u00e9e \u00e0 des causes qu\u2019il d\u00e9fendait parfois presque seul est un exemple que je serai bien incapable de suivre.<\/p>\n<p style=\"text-align: justify;\">Il est certain d\u2019autre part que je veux vous conna\u00eetre et que d\u2019avance je vous remercie des tentatives que vous avez faites pour me voir suivant ainsi le v\u0153u de notre p\u00e8re et vos propres sentiments. Il est certain que dans pareilles circonstances j\u2019aurais agi exactement de m\u00eame. De m\u00eame que j\u2019aurais agi si j\u2019avais \u00e9t\u00e9 \u00e0 la place de ma m\u00e8re. Je ne veux pas non plus que cette entrevue reste distante car vous \u00eates mon fr\u00e8re et loin de moi l\u2019id\u00e9e que vous vous imposez \u00e0 moi comme tel. J\u2019aimerai qu\u2019elle se renouvelle et que nous puissions faire plus ample connaissance, nous avons tant de choses \u00e0 nous dire avant de nous conna\u00eetre comme deux fr\u00e8res peuvent le faire. Il est certain qu\u2019une telle entente pr\u00e9sente des difficult\u00e9s mais plus nous pourrons l\u2019approcher mieux cela sera et plus notre p\u00e8re sera content car je sais que lui nous voit puisqu\u2019il l\u2019a vu alors que moi, plus tard, je ne verrai personne puisque je n\u2019y crois pas, les id\u00e9es de chacun \u00e9tant valable pour chacun.<\/p>\n<p style=\"text-align: justify;\">Cependant, je ne veux pas non plus m\u2019imposer mais je crois que vous et moi comprendrons ce que nous avons \u00e0 faire et j\u2019esp\u00e8re qu\u2019il en r\u00e9sultera une compr\u00e9hension mutuelle \u00e9lev\u00e9e.<\/p>\n<p style=\"text-align: justify;\">Je ne puis malheureusement vous dire quand je peux venir vous voir car pour quitter l\u2019\u00e9cole je dois poser des laisser-passer et je ne connais pas toujours longtemps \u00e0 l\u2019avance mon programme qui change souvent. Je pense donc que je passerai en fin d\u2019apr\u00e8s-midi un jour \u00e0 votre bureau. N\u2019h\u00e9sitez pas ce jour \u00e0 me dire si je vous importune auquel cas j\u2019essayerai de trouver avec vous une date qui vous conviendra mieux.<\/p>\n<p style=\"text-align: justify;\">Fraternellement<\/p>\n<p style=\"text-align: right;\">Fr\u00e9d\u00e9ric Roux<\/p>\n<p>&nbsp;<\/p>\n","protected":false},"excerpt":{"rendered":"<p>Ma r\u00e9action \u00e0 la d\u00e9couverte du grand secret de famille 3 juin 1966 Cher Monsieur, Ou plut\u00f4t cher Bernard si vous me le permettez, votre carte du 5 mai dernier m\u2019a, je l\u2019avoue, beaucoup surpris. Je ne m\u2019attendais pas \u00e0 &hellip; <a href=\"https:\/\/monperejeanmamy.fr\/?page_id=3194\">Continuer la lecture <span class=\"meta-nav\">&rarr;<\/span><\/a><\/p>\n","protected":false},"author":2,"featured_media":3198,"parent":0,"menu_order":0,"comment_status":"closed","ping_status":"closed","template":"","meta":[],"folder":[],"_links":{"self":[{"href":"https:\/\/monperejeanmamy.fr\/index.php?rest_route=\/wp\/v2\/pages\/3194"}],"collection":[{"href":"https:\/\/monperejeanmamy.fr\/index.php?rest_route=\/wp\/v2\/pages"}],"about":[{"href":"https:\/\/monperejeanmamy.fr\/index.php?rest_route=\/wp\/v2\/types\/page"}],"author":[{"embeddable":true,"href":"https:\/\/monperejeanmamy.fr\/index.php?rest_route=\/wp\/v2\/users\/2"}],"replies":[{"embeddable":true,"href":"https:\/\/monperejeanmamy.fr\/index.php?rest_route=%2Fwp%2Fv2%2Fcomments&post=3194"}],"version-history":[{"count":1,"href":"https:\/\/monperejeanmamy.fr\/index.php?rest_route=\/wp\/v2\/pages\/3194\/revisions"}],"predecessor-version":[{"id":3195,"href":"https:\/\/monperejeanmamy.fr\/index.php?rest_route=\/wp\/v2\/pages\/3194\/revisions\/3195"}],"wp:featuredmedia":[{"embeddable":true,"href":"https:\/\/monperejeanmamy.fr\/index.php?rest_route=\/wp\/v2\/media\/3198"}],"wp:attachment":[{"href":"https:\/\/monperejeanmamy.fr\/index.php?rest_route=%2Fwp%2Fv2%2Fmedia&parent=3194"}],"wp:term":[{"taxonomy":"folder","embeddable":true,"href":"https:\/\/monperejeanmamy.fr\/index.php?rest_route=%2Fwp%2Fv2%2Ffolder&post=3194"}],"curies":[{"name":"wp","href":"https:\/\/api.w.org\/{rel}","templated":true}]}}

Mon frère était âgé de 35 ans à sa naissance !!!

<h1 style="text-align: center;">Ma réaction à la découverte du grand secret de famille</h1>
<p style="text-align: right;">3 juin 1966</p>
<p style="text-align: justify;">Cher Monsieur,</p>
<p style="text-align: justify;">Ou plutôt cher Bernard si vous me le permettez, votre carte du 5 mai dernier m’a, je l’avoue, beaucoup surpris. Je ne m’attendais pas à une telle révélation et j’ai cru devoir en avertir immédiatement ma mère avant de répondre à votre rendez-vous. En effet, je la considère comme seul juge de ce que dois connaître de ce passé. Elle en a d’ailleurs été particulièrement touchée et je me félicite donc de ma réaction. Elle a été très heureuse de se libérer de certains secrets qu’elle conservait depuis bien longtemps. Je crois pour ma part qu’elle a eu raison de ne pas me parler de vous plus tôt car, même aujourd’hui, cela m’a donné beaucoup à réfléchir et il est probable qu’une telle révélation faite lorsque j’étais plus jeune m’aurait frappé exagérément.</p>
<p style="text-align: justify;"><img loading="lazy" class="alignleft size-medium wp-image-3193" src="http://monperejeanmamy.fr/wp-content/uploads/2023/07/1966-06-03-Lettre-FGR-a-BM-273x300.jpg" alt="" width="273" height="300" srcset="https://monperejeanmamy.fr/wp-content/uploads/2023/07/1966-06-03-Lettre-FGR-a-BM-273x300.jpg 273w, https://monperejeanmamy.fr/wp-content/uploads/2023/07/1966-06-03-Lettre-FGR-a-BM-931x1024.jpg 931w, https://monperejeanmamy.fr/wp-content/uploads/2023/07/1966-06-03-Lettre-FGR-a-BM-768x845.jpg 768w, https://monperejeanmamy.fr/wp-content/uploads/2023/07/1966-06-03-Lettre-FGR-a-BM-1396x1536.jpg 1396w, https://monperejeanmamy.fr/wp-content/uploads/2023/07/1966-06-03-Lettre-FGR-a-BM.jpg 1788w" sizes="(max-width: 273px) 100vw, 273px" />Votre lettre du 26 mai m’a été très agréable, à vrai dire je l’attendais. Votre action, en effet, ne pouvait se résumer à cette carte que, dans mon for intérieur, je trouvais un peu sèche et laconique. Mais pouvait-il en être autrement pour une première tentative directe ?</p>
<p style="text-align: justify;">Cette dernière lettre de mon père dont je n’ai pratiquement aucun souvenir, jointe à celles que maman m’a fait lire, m’a beaucoup édifié sur cet homme que je ne connaissais que fort peu.</p>
<p style="text-align: justify;">Tout ce que j’en savais, je l’avais deviné à la suite de recoupements, en utilisant des détails infimes échappés de la bouche de ma mère ou de ma famille. J’ai dès lors une vue beaucoup plus nette d’évènements que je m’étais juré de ne jamais évoquer le premier, laissant à ma mère la liberté de m’en parler ou de garder ce secret. Il est certain que maintenant je voudrais en savoir plus sur mon père (il m’est encore difficile de dire notre père, mais je pense que c’est compréhensible et que cela viendra) et surtout lire ses écrits, non pour faire miennes ses idées car de mon propre chef j’ai pris une direction spirituelle totalement opposée, probablement à cause de mon goût pour les sciences physiques et mathématiques, et je ne conçois pas actuellement d’y revenir, mais pour ma propre culture car le peu que j’en sais m’a montré un homme extraordinaire comme il en existe bien peu aujourd’hui. Cette vie vouée à des causes qu’il défendait parfois presque seul est un exemple que je serai bien incapable de suivre.</p>
<p style="text-align: justify;">Il est certain d’autre part que je veux vous connaître et que d’avance je vous remercie des tentatives que vous avez faites pour me voir suivant ainsi le vœu de notre père et vos propres sentiments. Il est certain que dans pareilles circonstances j’aurais agi exactement de même. De même que j’aurais agi si j’avais été à la place de ma mère. Je ne veux pas non plus que cette entrevue reste distante car vous êtes mon frère et loin de moi l’idée que vous vous imposez à moi comme tel. J’aimerai qu’elle se renouvelle et que nous puissions faire plus ample connaissance, nous avons tant de choses à nous dire avant de nous connaître comme deux frères peuvent le faire. Il est certain qu’une telle entente présente des difficultés mais plus nous pourrons l’approcher mieux cela sera et plus notre père sera content car je sais que lui nous voit puisqu’il l’a vu alors que moi, plus tard, je ne verrai personne puisque je n’y crois pas, les idées de chacun étant valable pour chacun.</p>
<p style="text-align: justify;">Cependant, je ne veux pas non plus m’imposer mais je crois que vous et moi comprendrons ce que nous avons à faire et j’espère qu’il en résultera une compréhension mutuelle élevée.</p>
<p style="text-align: justify;">Je ne puis malheureusement vous dire quand je peux venir vous voir car pour quitter l’école je dois poser des laisser-passer et je ne connais pas toujours longtemps à l’avance mon programme qui change souvent. Je pense donc que je passerai en fin d’après-midi un jour à votre bureau. N’hésitez pas ce jour à me dire si je vous importune auquel cas j’essayerai de trouver avec vous une date qui vous conviendra mieux.</p>
<p style="text-align: justify;">Fraternellement</p>
<p style="text-align: right;">Frédéric Roux</p>
<p>&nbsp;</p>

<p>Ma réaction à la découverte du grand secret de famille 3 juin 1966 Cher Monsieur, Ou plutôt cher Bernard si vous me le permettez, votre carte du 5 mai dernier m’a, je l’avoue, beaucoup surpris. Je ne m’attendais pas à &hellip; <a href="https://monperejeanmamy.fr/?page_id=3194">Continuer la lecture <span class="meta-nav">&rarr;</span></a></p>
