{"id":358,"date":"2021-02-19T15:54:08","date_gmt":"2021-02-19T14:54:08","guid":{"rendered":"http:\/\/monperejeanmamy.fr\/?page_id=358"},"modified":"2021-03-06T10:42:02","modified_gmt":"2021-03-06T09:42:02","slug":"la-comedie-du-bonheur","status":"publish","type":"page","link":"https:\/\/monperejeanmamy.fr\/?page_id=358","title":{"rendered":"La com\u00e9die du bonheur"},"content":{"rendered":"<p style=\"text-align: justify;\">Lors de la cr\u00e9ation en 1926 de <em>La Com\u00e9die du Bonheur<\/em> au Th\u00e9\u00e2tre de l&rsquo;Atelier par Charles Dullin qui y interpr\u00e9tera le Docteur Fregoli, Jean Mamy jouera le r\u00f4le de P\u00e9trone.<img loading=\"lazy\" class=\"aligncenter size-full wp-image-234\" src=\"http:\/\/monperejeanmamy.fr\/wp-content\/uploads\/2021\/02\/La-comedie-du-bonheur-distribution.jpg\" alt=\"\" width=\"581\" height=\"437\" srcset=\"https:\/\/monperejeanmamy.fr\/wp-content\/uploads\/2021\/02\/La-comedie-du-bonheur-distribution.jpg 581w, https:\/\/monperejeanmamy.fr\/wp-content\/uploads\/2021\/02\/La-comedie-du-bonheur-distribution-300x226.jpg 300w, https:\/\/monperejeanmamy.fr\/wp-content\/uploads\/2021\/02\/La-comedie-du-bonheur-distribution-399x300.jpg 399w\" sizes=\"(max-width: 581px) 100vw, 581px\" \/><\/p>\n","protected":false},"excerpt":{"rendered":"<p>Lors de la cr\u00e9ation en 1926 de La Com\u00e9die du Bonheur au Th\u00e9\u00e2tre de l&rsquo;Atelier par Charles Dullin qui y interpr\u00e9tera le Docteur Fregoli, Jean Mamy jouera le r\u00f4le de P\u00e9trone.<\/p>\n","protected":false},"author":2,"featured_media":0,"parent":0,"menu_order":0,"comment_status":"closed","ping_status":"closed","template":"","meta":[],"folder":[],"_links":{"self":[{"href":"https:\/\/monperejeanmamy.fr\/index.php?rest_route=\/wp\/v2\/pages\/358"}],"collection":[{"href":"https:\/\/monperejeanmamy.fr\/index.php?rest_route=\/wp\/v2\/pages"}],"about":[{"href":"https:\/\/monperejeanmamy.fr\/index.php?rest_route=\/wp\/v2\/types\/page"}],"author":[{"embeddable":true,"href":"https:\/\/monperejeanmamy.fr\/index.php?rest_route=\/wp\/v2\/users\/2"}],"replies":[{"embeddable":true,"href":"https:\/\/monperejeanmamy.fr\/index.php?rest_route=%2Fwp%2Fv2%2Fcomments&post=358"}],"version-history":[{"count":1,"href":"https:\/\/monperejeanmamy.fr\/index.php?rest_route=\/wp\/v2\/pages\/358\/revisions"}],"predecessor-version":[{"id":360,"href":"https:\/\/monperejeanmamy.fr\/index.php?rest_route=\/wp\/v2\/pages\/358\/revisions\/360"}],"wp:attachment":[{"href":"https:\/\/monperejeanmamy.fr\/index.php?rest_route=%2Fwp%2Fv2%2Fmedia&parent=358"}],"wp:term":[{"taxonomy":"folder","embeddable":true,"href":"https:\/\/monperejeanmamy.fr\/index.php?rest_route=%2Fwp%2Fv2%2Ffolder&post=358"}],"curies":[{"name":"wp","href":"https:\/\/api.w.org\/{rel}","templated":true}]}}