{"id":369,"date":"2021-02-19T16:14:23","date_gmt":"2021-02-19T15:14:23","guid":{"rendered":"http:\/\/monperejeanmamy.fr\/?page_id=369"},"modified":"2021-03-11T09:20:47","modified_gmt":"2021-03-11T08:20:47","slug":"contrat-collectif-des-techniciens-et-specialistes-de-la-production-du-film","status":"publish","type":"page","link":"https:\/\/monperejeanmamy.fr\/?page_id=369","title":{"rendered":"Contrat collectif des techniciens et sp\u00e9cialistes de la production du film"},"content":{"rendered":"<p style=\"text-align: justify;\">Le document ci-dessous repr\u00e9sente la version quasi finale n\u00e9goci\u00e9e par Jean Mamy;<\/p>\n<p style=\"text-align: justify;\"><strong>Note<\/strong> : Les pages 2 et 3 du tapuscrit sont manquantes et, par cons\u00e9quent, certains articles du projet ne figurent pas dans le document ci-dessous saisi et mis en page en novembre 2010 par Fr\u00e9d\u00e9ric-Georges Roux.<\/p>\n<a href=\"https:\/\/monperejeanmamy.fr\/wp-content\/uploads\/2021\/02\/Contrat-collectif-version-web.pdf\" class=\"pdfemb-viewer\" style=\"\" data-width=\"max\" data-height=\"max\" data-mobile-width=\"500\"  data-scrollbar=\"none\" data-download=\"off\" data-tracking=\"on\" data-newwindow=\"on\" data-pagetextbox=\"off\" data-scrolltotop=\"off\" data-startzoom=\"100\" data-startfpzoom=\"100\" data-toolbar=\"both\" data-toolbar-fixed=\"off\">Contrat collectif version web<br\/><\/a>\n<hr \/>\n<p style=\"text-align: justify;\">Le 16 avril 1934, lors de la r\u00e9union du Syndicat des Chefs Cin\u00e9astes Fran\u00e7ais, Jean Mamy\u00a0 pr\u00e9sente sa d\u00e9mission car \u00ab <em>\u00e9tant par ailleurs Pr\u00e9sident de l&rsquo;Association Syndicale des Monteurs de Films, adh\u00e9rente \u00e0 la F\u00e9d\u00e9ration du Spectacle, M. Jean Mamy estimait qu&rsquo;il ne pouvait rester membre d&rsquo;un syndicat adh\u00e9rent \u00e0 une autre F\u00e9d\u00e9ration : la F\u00e9d\u00e9ration Nationale des Syndicats d&rsquo;Artisans Fran\u00e7ais du Film.<\/em> \u00bb<\/p>\n<p><img loading=\"lazy\" class=\"aligncenter size-full wp-image-379\" src=\"http:\/\/monperejeanmamy.fr\/wp-content\/uploads\/2021\/02\/1934-04-16-Syndicat-cineastes.jpg\" alt=\"\" width=\"676\" height=\"856\" srcset=\"https:\/\/monperejeanmamy.fr\/wp-content\/uploads\/2021\/02\/1934-04-16-Syndicat-cineastes.jpg 676w, https:\/\/monperejeanmamy.fr\/wp-content\/uploads\/2021\/02\/1934-04-16-Syndicat-cineastes-237x300.jpg 237w\" sizes=\"(max-width: 676px) 100vw, 676px\" \/><\/p>\n","protected":false},"excerpt":{"rendered":"<p>Le document ci-dessous repr\u00e9sente la version quasi finale n\u00e9goci\u00e9e par Jean Mamy; Note : Les pages 2 et 3 du tapuscrit sont manquantes et, par cons\u00e9quent, certains articles du projet ne figurent pas dans le document ci-dessous saisi et mis &hellip; <a href=\"https:\/\/monperejeanmamy.fr\/?page_id=369\">Continuer la lecture <span class=\"meta-nav\">&rarr;<\/span><\/a><\/p>\n","protected":false},"author":1,"featured_media":0,"parent":0,"menu_order":0,"comment_status":"closed","ping_status":"closed","template":"","meta":[],"folder":[],"_links":{"self":[{"href":"https:\/\/monperejeanmamy.fr\/index.php?rest_route=\/wp\/v2\/pages\/369"}],"collection":[{"href":"https:\/\/monperejeanmamy.fr\/index.php?rest_route=\/wp\/v2\/pages"}],"about":[{"href":"https:\/\/monperejeanmamy.fr\/index.php?rest_route=\/wp\/v2\/types\/page"}],"author":[{"embeddable":true,"href":"https:\/\/monperejeanmamy.fr\/index.php?rest_route=\/wp\/v2\/users\/1"}],"replies":[{"embeddable":true,"href":"https:\/\/monperejeanmamy.fr\/index.php?rest_route=%2Fwp%2Fv2%2Fcomments&post=369"}],"version-history":[{"count":10,"href":"https:\/\/monperejeanmamy.fr\/index.php?rest_route=\/wp\/v2\/pages\/369\/revisions"}],"predecessor-version":[{"id":1306,"href":"https:\/\/monperejeanmamy.fr\/index.php?rest_route=\/wp\/v2\/pages\/369\/revisions\/1306"}],"wp:attachment":[{"href":"https:\/\/monperejeanmamy.fr\/index.php?rest_route=%2Fwp%2Fv2%2Fmedia&parent=369"}],"wp:term":[{"taxonomy":"folder","embeddable":true,"href":"https:\/\/monperejeanmamy.fr\/index.php?rest_route=%2Fwp%2Fv2%2Ffolder&post=369"}],"curies":[{"name":"wp","href":"https:\/\/api.w.org\/{rel}","templated":true}]}}