{"id":450,"date":"2021-02-23T15:55:26","date_gmt":"2021-02-23T14:55:26","guid":{"rendered":"http:\/\/monperejeanmamy.fr\/?page_id=450"},"modified":"2021-02-24T09:10:14","modified_gmt":"2021-02-24T08:10:14","slug":"au-pilori-7-fevrier-1941-signe-paul-riche","status":"publish","type":"page","link":"https:\/\/monperejeanmamy.fr\/?page_id=450","title":{"rendered":"Les yeux dans les yeux, mon Mar\u00e9chal !"},"content":{"rendered":"<p style=\"text-align: center;\"><em>Au Pilori,<\/em> 7 f\u00e9vrier 1941 (sign\u00e9 Paul Riche)<\/p>\n<p>Mon Mar\u00e9chal,<\/p>\n<p style=\"text-align: justify;\">Je suis un homme du peuple assez mal \u00e9lev\u00e9 dans les convenances, mais je vais quand m\u00eame vous dire tout ce que je pense, entre nous, au d\u00e9ball\u00e9, les yeux dans les yeux, parce qu&rsquo;on en a gros sur l&rsquo;estomac dans la zone, et qu&rsquo;il faut qu&rsquo;on le d\u00e9gorge \u00e0 celui qui doit l&rsquo;entendre.<\/p>\n<p style=\"text-align: justify;\">C&rsquo;est tout de m\u00eame une affaire entre vous et nous, mon Mar\u00e9chal !<\/p>\n<p><img loading=\"lazy\" class=\"aligncenter size-full wp-image-453\" src=\"http:\/\/monperejeanmamy.fr\/wp-content\/uploads\/2021\/02\/PRiche-Pilori-19410207-2-scaled.jpg\" alt=\"\" width=\"2560\" height=\"1313\" srcset=\"https:\/\/monperejeanmamy.fr\/wp-content\/uploads\/2021\/02\/PRiche-Pilori-19410207-2-scaled.jpg 2560w, https:\/\/monperejeanmamy.fr\/wp-content\/uploads\/2021\/02\/PRiche-Pilori-19410207-2-300x154.jpg 300w, https:\/\/monperejeanmamy.fr\/wp-content\/uploads\/2021\/02\/PRiche-Pilori-19410207-2-1024x525.jpg 1024w, https:\/\/monperejeanmamy.fr\/wp-content\/uploads\/2021\/02\/PRiche-Pilori-19410207-2-768x394.jpg 768w, https:\/\/monperejeanmamy.fr\/wp-content\/uploads\/2021\/02\/PRiche-Pilori-19410207-2-1536x788.jpg 1536w, https:\/\/monperejeanmamy.fr\/wp-content\/uploads\/2021\/02\/PRiche-Pilori-19410207-2-2048x1051.jpg 2048w, https:\/\/monperejeanmamy.fr\/wp-content\/uploads\/2021\/02\/PRiche-Pilori-19410207-2-500x257.jpg 500w\" sizes=\"(max-width: 2560px) 100vw, 2560px\" \/><\/p>\n<p style=\"text-align: justify;\">Et, puisque vous avez pris la responsabilit\u00e9 du pouvoir, vous saurez tout, vous \u00e9couterez tout.<\/p>\n<p style=\"text-align: justify;\">Mon p\u00e8re \u00e9tait \u00e0 Verdun, sous vos ordres.<\/p>\n<p style=\"text-align: justify;\">Il est mort depuis, des suites.<\/p>\n<p style=\"text-align: justify;\">\u00c0 Verdun, il avait pas discut\u00e9. Comme les autres ! Il y en a eu des cents, des mille,\u00a0 des centaines de mille qui, sur un ordre de vous, mon Mar\u00e9chal, se sont faits mutiler, massacrer sur place.<\/p>\n<p style=\"text-align: justify;\">Par ce que vous leur aviez dit \u2014vous et les autres\u2014 que le pays mourait s&rsquo;il ne se faisait pas bouziller.<\/p>\n<p style=\"text-align: justify;\">Alors il ont fait.<\/p>\n<p style=\"text-align: justify;\">Comme on le ferait \u2014 maintenant\u2014 s&rsquo;il le fallait.<\/p>\n<p style=\"text-align: justify;\">Faut pas croire, parce qu&rsquo;on a mis les bouts devant les tanks, cet \u00e9t\u00e9, qu&rsquo;on est moins courageux que nos parents. On n&rsquo;avait pas d&rsquo;armes. On nous a pas donn\u00e9 d&rsquo;armes.<\/p>\n<p style=\"text-align: justify;\">Et puis, franchement, mon Mar\u00e9chal, on s&rsquo;est mal battus, parce qu&rsquo;on \u00e9tait d\u00e9go\u00fbt\u00e9s !<\/p>\n<p style=\"text-align: justify;\">Nous avons vu tant de choses moches depuis que nous sommes n\u00e9s : la guerre, l&rsquo;appel de 1919, le triomphe des youpins, la d\u00e9b\u00e2cle des m\u0153urs bourgeoises, la saoulerie de l&rsquo;apr\u00e8s-guerre, le succ\u00e8s est vendu, la pourriture des partis, l&rsquo;ab\u00eatissement du populo, les boniments des d\u00e9magogues, les d\u00e9valuations, les promesses des parlementaires, encore et toujours les Juifs, les Stavisky au pouvoir, les chamailleries des Franc-ma\u00e7onneries et des \u00c9glises, le g\u00e2chis de la R\u00e9publique, les peuples europ\u00e9ens \u00e0 qui nous doublait, les id\u00e9es les plus sociales mani\u00e9es par les pires escrocs, servant de paravent aux pires voyous, au ministre bobardiers, \u00e0 ce que nous flanquons au pilori tous les jours dans ce \u00ab canard \u00bb, dont nous tentons bien tardivement de faire notre petit blockhaus au service de la V\u00e9rit\u00e9.<\/p>\n<p style=\"text-align: justify;\">On en a trop vu. On n&rsquo;y croit plus aux boniments.<\/p>\n<p style=\"text-align: justify;\">On sait ce que c&rsquo;\u00e9tait la France a Lebrun. La France a Herriot. La France \u00e0 Tardieu. La France \u00e0 Blum. La France aux bourgeois.<\/p>\n<p style=\"text-align: justify;\">Il n&rsquo;a pas pu \u00e0 d\u00e9fendre cette France-l\u00e0, mon Mar\u00e9chal, parce qu&rsquo;elle n&rsquo;\u00e9tait pas d\u00e9fendable. Parce qu&rsquo;on est propre et qu&rsquo;elle \u00e9tait sale.<\/p>\n<p style=\"text-align: justify;\">Voil\u00e0.<\/p>\n<p style=\"text-align: justify;\">Maintenant, mon Mar\u00e9chal vous parlez de reconstruire, de r\u00e9parer, de repartir \u00e0 nouveau, avec de grands mots tr\u00e8s jolis : sauver ce qui peut \u00eatre sauv\u00e9, d\u00e9truire ce qui doit \u00eatre d\u00e9truit.<\/p>\n<p style=\"text-align: justify;\">D&rsquo;accord. On veut \u00e7a aussi. Nous sommes pr\u00eats \u00e0 nous sacrifier pour ce boulot l\u00e0 \u2014 \u00e0 donner notre peau, s&rsquo;il le faut\u2014 pour que \u00e7a r\u00e9ussisse.<\/p>\n<p style=\"text-align: justify;\">Seulement, mon Mar\u00e9chal, quand on regarde du c\u00f4t\u00e9 de Vichy, on n&rsquo;en cr\u00e8ve de larmes de vous ob\u00e9ir.<\/p>\n<p style=\"text-align: justify;\">Vous nous faites mal, vous nous pi\u00e9tinez, mon Mar\u00e9chal !<\/p>\n<p style=\"text-align: justify;\">Comme je vous le dis \u2014 les yeux dans les yeux\u2014 je vais vous expliquer pourquoi.<\/p>\n<p style=\"text-align: justify;\">Par ce que, malgr\u00e9 vous peut-\u00eatre (vous devez comprendre ces choses-l\u00e0, vous avez \u00e9t\u00e9 jeune ; rappelez-vous comment vous jugiez les ain\u00e9s, \u00e0 votre insu sans doute, inconsciemment bien s\u00fbr), vous prot\u00e9gez derri\u00e8re vous tout ce qu&rsquo;il faut d\u00e9truire pour que la France vive !<\/p>\n<p style=\"text-align: justify;\">Tout les crabes, tous les vaseux, tous les salauds, tout ce qui est responsable de la d\u00e9b\u00e2cle, tout l\u2019Anglais, tout le Juif, tout l&rsquo;Argent, qui tue le travail.<\/p>\n<p style=\"text-align: justify;\">Parfaitement ! Vous, mon Mar\u00e9chal !<\/p>\n<p style=\"text-align: justify;\">Par exemple, les Juifs :<\/p>\n<p style=\"text-align: justify;\">il y ait un grand Kahal \u00e0 Vichy ! Un gouvernement youpin install\u00e9 \u00e0 c\u00f4t\u00e9 de vous. Vous l&rsquo;ignorez peut-\u00eatre ! On le sait ici. On avait nom !<\/p>\n<p style=\"text-align: justify;\">Vous, mon Mar\u00e9chal, vous ne pouvez pas prot\u00e9ger la haute finance internationale, les Jud\u00e9o-Anglais qui ont d\u00e9clar\u00e9 la guerre en Allemagne, et qui nous ont pouss\u00e9 contre les Allemands, ceux avec qui on aurait d\u00fb s&rsquo;entendre, parce qu&rsquo;on est de la m\u00eame branche, qu&rsquo;on a les m\u00eames int\u00e9r\u00eats, et que tout ce qui nous s\u00e9pare, c&rsquo;est des histoires de famille, des brouilleries d\u2019anc\u00eatres, des chinoiseries.<\/p>\n<p style=\"text-align: justify;\">Autour de vous, il n&rsquo;y a que du financier v\u00e9reux, d\u00fb au patron au c\u0153ur sec, du ministre pourri, du d\u00e9chet dor\u00e9 et de la boursouflure d&rsquo;argent.<\/p>\n<p style=\"text-align: justify;\">C&rsquo;est pas un minist\u00e8re, c&rsquo;est ingambe d&rsquo;hommes de paille.<\/p>\n<p style=\"text-align: justify;\">Et votre Conseil national ! Ce garage \u00e0 crapauds (excusez-moi, je m&rsquo;exprime mal, mais il faut dire ce qu&rsquo;on pense, tout cru).<\/p>\n<p style=\"text-align: justify;\">Vous avez cru bien faire en flanquant p\u00eale-m\u00eale, comme dans un grand saladier, les pantins des anciens partis ; les 180 bonzes \u00e0 100 000 francs le conseil b\u00e9n\u00e9vole. Pourquoi donc faire ? Pourquoi donc dire ? Il y a du bon du mauvais l\u00e0-dedans. Le mauvais ne peut que pourrir le bon il y a surtout ce qu&rsquo;il faut pour nous faire hurler au casse-cou : les 20 ou 30 plus grands menteurs de la foire d&#8217;empoigne d\u2019hier : les Frot, les Mistler, les Lamoureux, les Lafaye, les Peissel, les Frossard, les Barthe, les Guillou, les Thiriez, les Constant, les Boussac, les Poncet, des Demaison, \u2014 tout ce qu&rsquo;il y a de franc-ma\u00e7on tar\u00e9, d\u2019ancien ministre assassin ou compromis, de d\u00e9put\u00e9s \u00e0 gages, de traiteurs de n\u00e8gres, d&rsquo;ambassadeurs sp\u00e9culant.<\/p>\n<p style=\"text-align: justify;\">Rien n&rsquo;est chang\u00e9. Tout \u00e7a pendant que Flandin liquide l&rsquo;op\u00e9ration de la Skoda.<\/p>\n<p style=\"text-align: justify;\">Nous, on a compris.<\/p>\n<p style=\"text-align: justify;\">\u00c0 Verdun, nos p\u00e8res croyaient d\u00e9fendre quelque chose de propre derri\u00e8re eux.<\/p>\n<p style=\"text-align: justify;\">Aujourd&rsquo;hui, les fils ne peuvent pas d\u00e9fendre \u00e7a. Ce n&rsquo;est pas possible, mon Mar\u00e9chal. Vous ne pouvez pas nous demander \u00e7a.<\/p>\n<p style=\"text-align: justify;\">Vous ne pouvez pas nous imposer cette salet\u00e9.<\/p>\n<p style=\"text-align: justify;\">Que voulez-vous ! Depuis six mois que nous sommes rentr\u00e9s ici, nous souffrons beaucoup plus de notre peine de voir le pays \u00eatre la proie des abominables bandits de Vichy, que du contact tr\u00e8s correct de nos vainqueurs.<\/p>\n<p style=\"text-align: justify;\">Les Allemands ? On les c\u00f4toie. On leur parle pas parce qu&rsquo;on sait pas encore la langue. Mais, un de ces jours, on baragouiner leur truc ! Et il commence \u00e0 jacter le \u00ab franzouse \u00bb ! Alors \u00e7a c&rsquo;est pas un pli ! On est m\u00fbr pour s&rsquo;entendre un jour.<\/p>\n<p style=\"text-align: justify;\">Tant pis pour Vichy ! Tant pis pour le Kahal !<\/p>\n<p style=\"text-align: justify;\">Voil\u00e0 six mois qu&rsquo;on se demande chaque matin que le Dieu des ch\u00f4meurs fait \u00e0 notre intention, en voyant les paniers de d\u00e9chets, en \u00e9coutant les bobards radiophoniques, en contemplant les ravaudages minist\u00e9riels, les parlementasseux qui se \u00ab bourrent \u00bb de pognon, les fonctionnaires qu&rsquo;on repique sur tous les minist\u00e8res, les colonels on case dans tous les placards, toute la com\u00e9die de l\u00e0-bas : comprendront-ils ? S&rsquo;en iront-ils ? Notre Mar\u00e9chal voit-il tout \u00e7a ? Donnera-t-il le coup de balai ?<\/p>\n<p style=\"text-align: justify;\">Vichy a pr\u00e9tendu refaire la France. En fait, elle n&rsquo;est que repeinte, rebadigeon\u00e9e. Votre entourage vous a tromp\u00e9. Et rebadigeon\u00e9e anglais, juif, et vieux r\u00e9publicain royaliste.<\/p>\n<p style=\"text-align: justify;\">Le faubourg Sainte-Galette du Palais-Barbon !<\/p>\n<p style=\"text-align: justify;\">Nos paires, \u00e0 Verdun ne vous sont pas l\u00e2ch\u00e9., Aujourd&rsquo;hui, vous nous avez abandonn\u00e9s. Vos gens de Vichy se sont occup\u00e9s de leurs sous. Nous, la zone occup\u00e9e, on s\u2019est foutu de nos trognes ; on s&rsquo;dit:\u00ab Ah ! Ah ! Ces gaillards, ils sont all\u00e9s se rendre aux Allemands ! Qu&rsquo;ils le payent ! \u00bb<\/p>\n<p style=\"text-align: justify;\">Ah ! Les pauvres pourris ! Dans leur France libre, ils sont enferm\u00e9s dans la cage \u00e0 Juifs. C&rsquo;est une bouilloire \u00e0 bavoteux, leur zone papotarde.<\/p>\n<p style=\"text-align: justify;\">Maintenant, mon Mar\u00e9chal, il faudrait vous d\u00e9cider \u00e0 savoir ce que vous voulez faire de nous ! Des esclaves \u00e0 Juifs ou bien des Fran\u00e7ais ?<\/p>\n<p style=\"text-align: justify;\">La R\u00e9volution nationale, \u00e7a ne se fait pas avec des poux dans la t\u00eate et des cornes au front.<\/p>\n<p style=\"text-align: justify;\">&#8230; Pas avec Flandin (les petits g\u00e2teaux de Dommecy-sur-Cure en attendant le Chancelier !) La clique \u00e0 Mercier, la bande \u00e0 Prouvost, Rueff, Baudouin, Bouthillier, Dumoulin de la Barth\u00e8te et autres charrettes de jud\u00e9o-j\u00e9suites.<\/p>\n<p style=\"text-align: justify;\">Pas avec les cognes \u00e0 M\u00e9t\u00e9nier pour prot\u00e9ger les galonnards inutiles et la mafia des marquis-colonels-comtes.<\/p>\n<p style=\"text-align: justify;\">La France, c\u2019est du sang pur, c&rsquo;est pas du jus de navet\u00a0 capitaliste.<\/p>\n<p style=\"text-align: justify;\">Je vous le dis, les yeux dans les yeux, mon Mar\u00e9chal.<\/p>\n<p style=\"text-align: justify;\">Aujourd&rsquo;hui, le populo \u00e9nerv\u00e9 veut remonter la pente, tout seul.<\/p>\n<p style=\"text-align: justify;\">On va peut-\u00eatre descendre dans la rue pour ameuter le peuple et crier. Il y a quelques mois, on aurait cri\u00e9 : \u00ab vive le mar\u00e9chal ! \u00bb. Aujourd&rsquo;hui, on ajoutera : \u00ab \u00e0 bas Vichy ! \u00bb.<\/p>\n<p style=\"text-align: justify;\">\u00c0 force d&rsquo;attendre, on est devenus trop pauvres ! Enrag\u00e9s comme des moutons dont la patience est morte ! D\u00e9sesp\u00e9r\u00e9s de la boue des vieux partis ! Priv\u00e9 le chef ! Le c\u0153ur plein d\u2019un sang fou ! Car on a le droit de vivre, nom de Dieu, mon Mar\u00e9chal, sans \u00eatre roul\u00e9s par la bande de youtres de Vichy.<\/p>\n<p style=\"text-align: justify;\">Et tant pis si \u00e7a claque ! La France ne peut plus attendre. Si, pour faire tourner les moulins, il faut esp\u00e9rer la bonne volont\u00e9 des patrons, c&rsquo;est trop long !<\/p>\n<p style=\"text-align: justify;\">En route, le travail ! Adieu, l&rsquo;argent youpin ! Gardez-la votre monnaie ! On a nos muscles.<\/p>\n<p style=\"text-align: justify;\">S&rsquo;il n&rsquo;y a pas de chef qui aime le peuple l\u00e0-bas, trouvez en ici qui feront ronfler les machines sans l&rsquo;avis de Monsieur Rueff et sans la permission de Trusts-Tout.<\/p>\n<p style=\"text-align: justify;\">Venez avec nous, mon Mar\u00e9chal, et plaquez votre clique.<\/p>\n<p style=\"text-align: justify;\">Je vous dis tout \u00e7a comme le troufion qui ose dire \u00e0 son capitaine que la soupe est mauvaise, mon Mar\u00e9chal !<\/p>\n<p style=\"text-align: justify;\">On nous a trop tromp\u00e9 ! Trop menti ! Trop en fait poireauter ! Alors, les yeux dans les yeux, mon Mar\u00e9chal, vive la France ! Mort aux pourris !<\/p>\n<p>Et \u00e0 Dieu Va !<\/p>\n<p style=\"text-align: right;\">Paul Riche<\/p>\n<p>&nbsp;<\/p>\n","protected":false},"excerpt":{"rendered":"<p>Au Pilori, 7 f\u00e9vrier 1941 (sign\u00e9 Paul Riche) Mon Mar\u00e9chal, Je suis un homme du peuple assez mal \u00e9lev\u00e9 dans les convenances, mais je vais quand m\u00eame vous dire tout ce que je pense, entre nous, au d\u00e9ball\u00e9, les yeux &hellip; <a href=\"https:\/\/monperejeanmamy.fr\/?page_id=450\">Continuer la lecture <span class=\"meta-nav\">&rarr;<\/span><\/a><\/p>\n","protected":false},"author":2,"featured_media":397,"parent":0,"menu_order":0,"comment_status":"closed","ping_status":"closed","template":"","meta":[],"folder":[],"_links":{"self":[{"href":"https:\/\/monperejeanmamy.fr\/index.php?rest_route=\/wp\/v2\/pages\/450"}],"collection":[{"href":"https:\/\/monperejeanmamy.fr\/index.php?rest_route=\/wp\/v2\/pages"}],"about":[{"href":"https:\/\/monperejeanmamy.fr\/index.php?rest_route=\/wp\/v2\/types\/page"}],"author":[{"embeddable":true,"href":"https:\/\/monperejeanmamy.fr\/index.php?rest_route=\/wp\/v2\/users\/2"}],"replies":[{"embeddable":true,"href":"https:\/\/monperejeanmamy.fr\/index.php?rest_route=%2Fwp%2Fv2%2Fcomments&post=450"}],"version-history":[{"count":4,"href":"https:\/\/monperejeanmamy.fr\/index.php?rest_route=\/wp\/v2\/pages\/450\/revisions"}],"predecessor-version":[{"id":486,"href":"https:\/\/monperejeanmamy.fr\/index.php?rest_route=\/wp\/v2\/pages\/450\/revisions\/486"}],"wp:featuredmedia":[{"embeddable":true,"href":"https:\/\/monperejeanmamy.fr\/index.php?rest_route=\/wp\/v2\/media\/397"}],"wp:attachment":[{"href":"https:\/\/monperejeanmamy.fr\/index.php?rest_route=%2Fwp%2Fv2%2Fmedia&parent=450"}],"wp:term":[{"taxonomy":"folder","embeddable":true,"href":"https:\/\/monperejeanmamy.fr\/index.php?rest_route=%2Fwp%2Fv2%2Ffolder&post=450"}],"curies":[{"name":"wp","href":"https:\/\/api.w.org\/{rel}","templated":true}]}}