{"id":518,"date":"2021-02-24T19:09:52","date_gmt":"2021-02-24T18:09:52","guid":{"rendered":"http:\/\/monperejeanmamy.fr\/?page_id=518"},"modified":"2021-02-24T19:09:52","modified_gmt":"2021-02-24T18:09:52","slug":"et-tant-pis","status":"publish","type":"page","link":"https:\/\/monperejeanmamy.fr\/?page_id=518","title":{"rendered":"Et tant pis :&#8230;"},"content":{"rendered":"<p style=\"text-align: center;\"><em>Au Pilori,<\/em> 10 avril 1941, sign\u00e9 Paul Riche<\/p>\n<p style=\"text-align: justify;\">Nous voici aux pires jours qui recommencent.<\/p>\n<p style=\"text-align: justify;\">Depuis l&rsquo;armistice, on attendait de Vichy les gestes n\u00e9cessaires pour que la collaboration, accept\u00e9 par le Mar\u00e9chal, devienne un fait quotidiennement r\u00e9alis\u00e9. Rien n&rsquo;est venu. Au contraire les d\u2019Ormesson et les Fernand Laurent continuent leurs stupidit\u00e9s. Les Allemands s&rsquo;impatientent. Ils vont finir prendre des mesures draconiennes que le peuple fran\u00e7ais en entier sera forc\u00e9 de supporter.<\/p>\n<p style=\"text-align: justify;\">Il y a pis. Cette population qu&rsquo;on pr\u00e9tendait intelligente s&rsquo;amuse de plus en plus \u00e0 des blagues de gamins dans le dos d&rsquo;un vainqueur patient est correct. Elle fait des V et des croix. Elle bout de une collaboration qu&rsquo;on lui tend toujours et qui devient de plus en plus difficile au fur et \u00e0 mesure que les Fran\u00e7ais deviennent plus d\u00e9daigneux. Ce ne sont pourtant pas les conseils qui leur ont manqu\u00e9. Les difficult\u00e9s non plus. Mais quand on veut remonter une pente, il faut savoir aborder les difficult\u00e9s de front. Les hommes qui pr\u00e9conisaient le plus la collaboration avaient le d\u00e9savantage, aux yeux du public, d&rsquo;\u00eatre des parlementaires f\u00e2cheusement connus pour la souplesse de leurs redressements politiques. Les Fran\u00e7ais se sont-ils cabr\u00e9s \u00e0 cause de cela, ou \u00e0 cause de la collaboration elle-m\u00eame ? Tant pis. Il leur fallait exiger les chefs qu&rsquo;ils voulaient. Nous ici, sommes plus que jamais pour une collaboration totale, avec les chefs qu&rsquo;il nous faut et non pas ce qui se d\u00e9signent eux-m\u00eames. Nous n&rsquo;avons pas manqu\u00e9 de faire tout et \u00e0 nos risques et p\u00e9rils, la distinction.<\/p>\n<p style=\"text-align: justify;\"><img loading=\"lazy\" class=\"alignleft  wp-image-520\" src=\"http:\/\/monperejeanmamy.fr\/wp-content\/uploads\/2021\/02\/PRiche-Pilori-19410410-373x1024.jpg\" alt=\"\" width=\"276\" height=\"743\" \/>La bouderie stupide de cette populace d&rsquo;enjuiv\u00e9s, de bourgeois, de de gaullistes, de concierges, de badauds, de strat\u00e8ges imb\u00e9ciles, d&rsquo;\u00e9ternels cocus, nous vaudra bient\u00f4t des r\u00e9actions pr\u00e9vues et obligatoires de celui qui a pour mission de d\u00e9fendre sa victoire et son peuple. Parce que les Fran\u00e7ais ont tol\u00e9r\u00e9 que les Juifs bavardent \u00e0 tort et \u00e0 travers dans toutes les \u00e9choppes et les bistrots, parce que les \u00ab go\u00efm \u00bb gogos, trop contents de trouver des flatteurs, \u00e9coutent d&rsquo;une oreille complaisante les propos doucereux des faisans du march\u00e9 noir, les d\u00e9lires de la radio anglico-youtre, les babillarderies des commerces acharn\u00e9s \u00e0 stationner sur les trottoirs par go\u00fbt de baguenauder, parce que esp\u00e9rant en l&rsquo;utopie, en impossible secours des muflions anglo-saxons, am\u00e9ricains et tra\u00eetres qui, du fond du Royaume-Dollars, nous envoient des encouragements comme on fait des risettes \u00e0 un noy\u00e9, nous allons encore supporter ici les contraintes d&rsquo;un redressement qui aurait pu se faire sans rudesse ?<\/p>\n<p style=\"text-align: justify;\">Eh bien tant pis ! Vous l&rsquo;aurez voulu, Georges Dandins ! Vous l&rsquo;aurez d\u00e9sir\u00e9 la trique qui va venir sur vos dos ronds \u00e0 force de \u00abgaulli-courbettes \u00bb devant les pachas juifs ! Vous les avez tol\u00e9r\u00e9s vos youdis ch\u00e9ris, en zone occup\u00e9e ou non occup\u00e9e ; vous les cajolez encore avec des mamours d&rsquo;avant la d\u00e9b\u00e2cle ! Ne vous \u00e9tonnez pas qu&rsquo;on vous frappe avec eux, durement. L\u2019enjuivasserie et la juiverie se soignent au m\u00eame tabac ! Nous en pleurons de rage pour vous, \u00f4 compatriotes ben\u00eats, mais vous \u00eates trop b\u00eates \u00e0 regarder toujours la lune, de l&rsquo;autre c\u00f4t\u00e9 de l&rsquo;Oc\u00e9an, \u00e0 vous vautrer sur les coussins de l&rsquo;attentisme avec votre opium pr\u00e9f\u00e9r\u00e9 : la veulerie obstin\u00e9e, le mirage de la d\u00e9livrance par le Pathos d&rsquo;Albion, la drogue des l\u00e2ches !<\/p>\n<p style=\"text-align: justify;\">La trique ! Et encore la trique ! Malheureux, vous l&rsquo;aurez un jour cette caresseuse. Vous vous plaignez d\u00e9j\u00e0, vous vous plaindrez encore, quand il vous faudra travailler et non plus fain\u00e9anter dans l&rsquo;attente d&rsquo;outre-Manche. L&rsquo;Europe attend vos bras. Quelle que soit votre r\u00e9ticence, vous serez engren\u00e9s dans le m\u00e9canisme, libres ou astreints. \u00c0 vous de d\u00e9cider !<\/p>\n<p style=\"text-align: justify;\">Pour nous, il n&rsquo;est honorable que d&rsquo;\u00eatre intelligent, de savoir que, vaincus militairement par notre faute \u2014 par votre faute badauds\u2014 nous nous d\u00e9shonorerions d&rsquo;\u00eatre vaincus moralement, de tomber dans la b\u00eatise des r\u00e9ticences et des arri\u00e8re-pens\u00e9es. Vichy a voulu jouer avec la peau des Fran\u00e7ais de zone occup\u00e9e. Nous n&rsquo;avons pas march\u00e9. C&rsquo;est pourquoi nous crachons \u00e0 la figure des Juifs qui entourent le Mar\u00e9chal. Mais 95 pour cent sont tomb\u00e9s dans le panneau gaulliste ou attentiste. Que ces moutons aillent se faire tondre ! Nous esp\u00e9rons pour eux qu&rsquo;ils n\u2019iront pas jusqu&rsquo;\u00e0 se faire saigner, et que les Juifs paieront de leurs os le beau travail qu&rsquo;ils ont fait !<\/p>\n<p style=\"text-align: justify;\">&#8212;&#8212;&#8211;<\/p>\n<p style=\"text-align: justify;\">\u00c0 la trique ! Nous sommes au bord de cet ab\u00eeme. Les Fran\u00e7ais qui ont voulu collaborer sont rentr\u00e9s discr\u00e8tement ou non dans les associations de leur choix. Il n&rsquo;en manquait pas. Les autres boudent \u00e0 construire l&rsquo;Europe. Pensez-vous que l&rsquo;Allemagne va permettre une seconde que, dans son dos, ou sous son nez, on ose r\u00e9sister au devoir collectif europ\u00e9en, qui est de se d\u00e9fendre contre les sbires des potentats dor\u00e9s d&rsquo;Am\u00e9rique et d&rsquo;Angleterre ? Les gaullistes et les attentistes des deux zones sont des petits gar\u00e7ons s&rsquo;ils s&rsquo;imaginent que leurs persiflages et leurs moues n&rsquo;aboutiront pas \u00e0 des gifles !<\/p>\n<p style=\"text-align: justify;\">\u00c0 la trique ! Les enjuiv\u00e9s ! les Ma\u00e7onnisants ! Et tant pis ! Vous l&rsquo;avez voulu, Re-Georges Dandins ! On vous l\u2019a cri\u00e9, serin\u00e9, jou\u00e9 en musique, le couplet, le refrain, la supplication \u00e0 l&rsquo;intelligence de la situation ! Ce n&rsquo;est pas faute de vous avoir avertis, bon Dieu ! On aurait pr\u00each\u00e9 des morts, des robots ou des toupies, qu&rsquo;on aurait pas \u00e9t\u00e9 moins \u00e9cout\u00e9s !<\/p>\n<p style=\"text-align: justify;\">Notre sang bout \u00e0 la fois d&rsquo;impuissance et de commis\u00e9ration. Nous croyions l&rsquo;\u00e9t\u00e9 dernier, que la France ne pouvait pas tomber plus bas que cet d\u00e9b\u00e2cle ! C&rsquo;\u00e9tait faux. Elle a chu dans le supr\u00eame pr\u00e9cipice. Comme les gamins souill\u00e9s, il faut aujourd&rsquo;hui \u00e0 ce pays d\u00e9chir\u00e9, d\u00e9contenanc\u00e9, tremblant, pleurard, peureux, vaniteux, r\u00e2lant, mal mouch\u00e9, grin\u00e7ant de rage, mal \u00e9lev\u00e9, mal embouch\u00e9, ent\u00eat\u00e9, hoquetant de sanglots et d&rsquo;injures, la correction qu\u2019on doit aux gosses vicieux : le d\u00e9culottage et pan ! Sur le Juif ! Pan sur le bourgeois ! Pan sur le gogo ! La fess\u00e9e ! La belle saignante ! Avec des battoirs durcis ! Que \u00e7a cogne jusqu&rsquo;\u00e0 ce que \u00e7a rentre ! Trois ans, dix ans, vingt ans ! Le temps d&rsquo;user la peau des vieillards et de d\u00e9livrer les gosses des salet\u00e9s de l&rsquo;Histoire apprise \u00e0 contresens.<\/p>\n<p style=\"text-align: right;\">Paul Riche<\/p>\n","protected":false},"excerpt":{"rendered":"<p>Au Pilori, 10 avril 1941, sign\u00e9 Paul Riche Nous voici aux pires jours qui recommencent. Depuis l&rsquo;armistice, on attendait de Vichy les gestes n\u00e9cessaires pour que la collaboration, accept\u00e9 par le Mar\u00e9chal, devienne un fait quotidiennement r\u00e9alis\u00e9. Rien n&rsquo;est venu. &hellip; <a href=\"https:\/\/monperejeanmamy.fr\/?page_id=518\">Continuer la lecture <span class=\"meta-nav\">&rarr;<\/span><\/a><\/p>\n","protected":false},"author":2,"featured_media":397,"parent":0,"menu_order":0,"comment_status":"closed","ping_status":"closed","template":"","meta":[],"folder":[],"_links":{"self":[{"href":"https:\/\/monperejeanmamy.fr\/index.php?rest_route=\/wp\/v2\/pages\/518"}],"collection":[{"href":"https:\/\/monperejeanmamy.fr\/index.php?rest_route=\/wp\/v2\/pages"}],"about":[{"href":"https:\/\/monperejeanmamy.fr\/index.php?rest_route=\/wp\/v2\/types\/page"}],"author":[{"embeddable":true,"href":"https:\/\/monperejeanmamy.fr\/index.php?rest_route=\/wp\/v2\/users\/2"}],"replies":[{"embeddable":true,"href":"https:\/\/monperejeanmamy.fr\/index.php?rest_route=%2Fwp%2Fv2%2Fcomments&post=518"}],"version-history":[{"count":1,"href":"https:\/\/monperejeanmamy.fr\/index.php?rest_route=\/wp\/v2\/pages\/518\/revisions"}],"predecessor-version":[{"id":521,"href":"https:\/\/monperejeanmamy.fr\/index.php?rest_route=\/wp\/v2\/pages\/518\/revisions\/521"}],"wp:featuredmedia":[{"embeddable":true,"href":"https:\/\/monperejeanmamy.fr\/index.php?rest_route=\/wp\/v2\/media\/397"}],"wp:attachment":[{"href":"https:\/\/monperejeanmamy.fr\/index.php?rest_route=%2Fwp%2Fv2%2Fmedia&parent=518"}],"wp:term":[{"taxonomy":"folder","embeddable":true,"href":"https:\/\/monperejeanmamy.fr\/index.php?rest_route=%2Fwp%2Fv2%2Ffolder&post=518"}],"curies":[{"name":"wp","href":"https:\/\/api.w.org\/{rel}","templated":true}]}}