{"id":651,"date":"2021-02-25T14:48:38","date_gmt":"2021-02-25T13:48:38","guid":{"rendered":"http:\/\/monperejeanmamy.fr\/?page_id=651"},"modified":"2021-02-25T14:48:38","modified_gmt":"2021-02-25T13:48:38","slug":"alerte-aux-anti-macons","status":"publish","type":"page","link":"https:\/\/monperejeanmamy.fr\/?page_id=651","title":{"rendered":"Alerte aux anti-ma\u00e7ons !"},"content":{"rendered":"<p><img loading=\"lazy\" class=\"aligncenter size-full wp-image-652\" src=\"http:\/\/monperejeanmamy.fr\/wp-content\/uploads\/2021\/02\/Alerte-aux-antimacons-scaled.jpg\" alt=\"\" width=\"2560\" height=\"1400\" srcset=\"https:\/\/monperejeanmamy.fr\/wp-content\/uploads\/2021\/02\/Alerte-aux-antimacons-scaled.jpg 2560w, https:\/\/monperejeanmamy.fr\/wp-content\/uploads\/2021\/02\/Alerte-aux-antimacons-300x164.jpg 300w, https:\/\/monperejeanmamy.fr\/wp-content\/uploads\/2021\/02\/Alerte-aux-antimacons-1024x560.jpg 1024w, https:\/\/monperejeanmamy.fr\/wp-content\/uploads\/2021\/02\/Alerte-aux-antimacons-768x420.jpg 768w, https:\/\/monperejeanmamy.fr\/wp-content\/uploads\/2021\/02\/Alerte-aux-antimacons-1536x840.jpg 1536w, https:\/\/monperejeanmamy.fr\/wp-content\/uploads\/2021\/02\/Alerte-aux-antimacons-2048x1120.jpg 2048w, https:\/\/monperejeanmamy.fr\/wp-content\/uploads\/2021\/02\/Alerte-aux-antimacons-500x273.jpg 500w\" sizes=\"(max-width: 2560px) 100vw, 2560px\" \/><\/p>\n<p style=\"text-align: justify;\">Le dernier d\u00e9cret concernant les soci\u00e9t\u00e9s secr\u00e8tes n&rsquo;a pas manqu\u00e9 d&rsquo;attirer l&rsquo;attention de tous ceux qui s&rsquo;int\u00e9ressent, avec ou sans passion, aux questions ma\u00e7onniques. Les inquiets se sont pos\u00e9 diverses questions : \u00ab <em>Que veut dire ce d\u00e9cret ? Est-il destin\u00e9 \u00e0 favoriser certains ma\u00e7ons influents que les lois rigoureuses sur les soci\u00e9t\u00e9s secr\u00e8tes ont atteints et qui veulent r\u00e9cup\u00e9rer les situations perdues ? Est-ce le commencement d&rsquo;un \u00ab <\/em>d\u00e9douanage<em> \u00bb de la ma\u00e7onnerie ? Le moyen par lequel on arriverait peu \u00e0 peu \u00e0 adoucir, puis r\u00e9former, puis supprimer, les mesures prises contre les ma\u00e7ons, en s&rsquo;appuyant au d\u00e9but sur les quelques cas sp\u00e9ciaux de deux ou trois braves bougres rest\u00e9s honn\u00eates dans la secte, ou de quelques fonctionnaires malins et dont la conversion ne fut que spectaculaire ?<\/em> \u00bb. On est en droit de se demander o\u00f9 on veut en venir.<\/p>\n<p style=\"text-align: justify;\">Mais puisque nous avons confiance dans le gouvernement qui, de bonne volont\u00e9, cherche \u00e0 apaiser, \u00e0 concilier, croyons plut\u00f4t, et admettons avec respect et ob\u00e9issance, qu&rsquo;il s&rsquo;agit d&rsquo;une op\u00e9ration politique destin\u00e9e \u00e0 r\u00e9tablir dans leurs fonctions un certain nombre de citoyens autrefois nocifs qui se sont ralli\u00e9s sinc\u00e8rement \u00e0 l&rsquo;ordre nouveau. Attendons les noms pour en juger plus avant. Posons toutefois des consid\u00e9rations de principe d\u00e8s aujourd&rsquo;hui.<\/p>\n<p style=\"text-align: justify;\">Pierre Laval est avis\u00e9 et sage. L&rsquo;exp\u00e9rience des hommes \u2014 et plus particuli\u00e8rement ceux de l\u2019ex-r\u00e9gime r\u00e9publicain\u2014 l\u2019induit \u00e0 penser qu&rsquo;il faut utiliser en politique des forces diff\u00e9rentes pour arriver \u00e0 \u00e9tablir \u00ab <em>grosso modo<\/em> \u00bb un \u00e9quilibre suffisant entre les partisans acharn\u00e9s \u00e0 se d\u00e9truire. La ma\u00e7onnerie, responsable de beaucoup de nos malheurs (elle partage cette responsabilit\u00e9 avec bon nombre d&rsquo;autres clans dits \u00ab <em>nationaux<\/em> \u00bb), avait, depuis deux ans, support\u00e9 les foudres de la presse et de la vindicte publique. Rien de plus normal. Les combattants de 39-40 qui se sont trouv\u00e9s sans armes devant les tanks, n&rsquo;oublient pas les discours d\u00e9magogiques d&rsquo;avant-guerre, les campagnes des loges, l&rsquo;antifascisme militant des ob\u00e9diences, leur collusion avec la juiverie, leur ab\u00eatissement antieurop\u00e9en. De quelque c\u00f4t\u00e9 qu&rsquo;on se tourne sur l&rsquo;horizon politique, on ne voit que ma\u00e7onnerie incendiaire. Le bellicisme des francs-ma\u00e7ons est on ne peut plus d\u00e9montr\u00e9. En France, Paul Perrin et sa clique, les antifascistes de la guerre d&rsquo;Espagne, et de la loge \u00ab <em>Plus Ultra<\/em> \u00bb, les anti-hitl\u00e9riens de la loge \u00ab Agni \u00bb, les acharn\u00e9s de la loge \u00ab l&rsquo;International \u00bb ou des loges juives bond\u00e9s de r\u00e9fugi\u00e9s autrichiens menaient le jeu. En Angleterre 500.000 francs-ma\u00e7ons, en Am\u00e9rique 3.500.000 poussaient devant eux la France d\u00e9sarm\u00e9e et pourrie pour d\u00e9fendre des id\u00e9es d\u00e9mocratiques, les privil\u00e8ges des milliardaires et le prestige des rabbins. C&rsquo;est \u00e0 la ma\u00e7onnerie internationale, Roosevelt (32<sup>\u00e8me<\/sup>) en t\u00eate, que nous devons la guerre, et les relations de mai 1939 entre Bullitt et le F:. Groussier (33<sup>\u00e8me<\/sup>), pr\u00e9sident du Conseil de l&rsquo;ordre du Grand Orient de France, ne laissent aucun doute \u00e0 cet \u00e9gard. Nos griefs contre la ma\u00e7onnerie sont donc graves. Les mesures prises jusqu&rsquo;\u00e0 pr\u00e9sent n&rsquo;ont \u00e9t\u00e9 que trop g\u00e9n\u00e9rales et superficielles. Il fallait frapper durement \u00e0 la t\u00eate les chefs, et faire le proc\u00e8s de la secte, en cour d&rsquo;assises ou en cour sp\u00e9ciale. Il est vrai qu&rsquo;apr\u00e8s Riom on peut douter de l&rsquo;efficacit\u00e9 des proc\u00e8s politiques.<\/p>\n<p style=\"text-align: justify;\">La th\u00e8se des promoteurs du nouveau d\u00e9cret est qu&rsquo;un certain nombre de ma\u00e7ons ont \u00e9t\u00e9 frapp\u00e9s \u00e0 tort ou qu&rsquo;ils ont \u00e9volu\u00e9 : \u00ab <em>on a vu, disent-ils, beaucoup de communistes se r\u00e9veiller au nationalisme, beaucoup de conservateurs en venir au socialisme, pourquoi certains ma\u00e7ons ne se rendraient-il pas compte de leur erreur, ne r\u00e9pudieraient-ils pas publiquement leur pass\u00e9 ? Les exp\u00e9riences abondent de Fran\u00e7ais pour qui la d\u00e9fait a \u00e9t\u00e9 une r\u00e9v\u00e9lation de leur faute, de leurs imprudences, ou de leurs illusions na\u00efves. Il ne faut pas rejeter dans l&rsquo;opposition des enfants prodigues sinc\u00e8res qui, demain \u2014 esp\u00e9rons-le\u2014 seront peut-\u00eatre les meilleurs combattants parmi la poign\u00e9e d&rsquo;hommes qui veut l&rsquo;ordre nouveau<\/em> \u00bb.<\/p>\n<p style=\"text-align: justify;\">Toutefois, en gage de cette sinc\u00e9rit\u00e9, les chefs des partis nationaux-socialistes (ou fascistes) fran\u00e7ais ont exig\u00e9 de leurs troupes nouvellement converties une action d\u00e9cisive contre les partis antinationaux dont ils sortaient. Si les communistes viennent au nationalisme, c&rsquo;est pour lutter par tous les moyens, et avec tous les risques que cela comporte, contre le communisme. La condition d&rsquo;une lev\u00e9e d&rsquo;excommunication contre d&rsquo;anciens francs-ma\u00e7ons doit \u00eatre la m\u00eame. Bravos pour ces r\u00e9cup\u00e9r\u00e9s qui abus\u00e8rent la ma\u00e7onnerie ; mais nous les attendons maintenant aux actes anti-ma\u00e7onniques, actes d&rsquo;autant plus importants et pr\u00e9cieux qu\u2019ayant la connaissance parfaite des proc\u00e9d\u00e9s de la secte, ils sont \u00e0 m\u00eame d&rsquo;en saisir les subtilit\u00e9s et de les combattre pied \u00e0 pied. Ce sont des alli\u00e9s nouveaux \u00e0 accueillir d&rsquo;enthousiasme pond\u00e9r\u00e9 de prudence s&rsquo;ils se pr\u00e9sentent sous le jour de combattants anti-ma\u00e7ons. Accordons leur cr\u00e9dit, sous r\u00e9serve de v\u00e9rification de leurs actes.<\/p>\n<p style=\"text-align: justify;\">Car c&rsquo;est bien ainsi \u2014 nous l&rsquo;esp\u00e9rons du moins\u2014 que le gouvernement a envisag\u00e9 ses mesures de cl\u00e9mence. Nous ne pensons pas qu&rsquo;il veuille se laisser duper dans l&rsquo;aventure et remettre au pouvoir de secrets supp\u00f4ts du gaullisme ou de la ma\u00e7onnerie, assez adroits pour s\u2019\u00eatre camoufl\u00e9s en r\u00e9volutionnaires nationaux. Nous pensons au contraire que, dans sa sagesse, M. Pierre Laval a choisi tout sp\u00e9cialement ceux qui seraient capables de mener \u00e0 bien une bonne besogne de dissociation de la secte. Il peut compter sur nous pour l&rsquo;encourager, dans cette voie, de tous nos efforts. On ne saurait trop employer d&rsquo;habilet\u00e9 pour vaincre les ruses de sauvages de nos damn\u00e9s ma\u00e7ons.<\/p>\n<p style=\"text-align: justify;\">Quel peut \u00eatre le r\u00f4le des antima\u00e7ons d\u00e9j\u00e0 \u00e9prouv\u00e9s qui voient, d&rsquo;un \u0153il objectif, se d\u00e9rouler les op\u00e9rations de conversions antima\u00e7onniques ? La surveillance tr\u00e8s exacte des individus ainsi r\u00e9habilit\u00e9s nous semble indispensable. Nous n&rsquo;en sommes plus aux promesses, mais aux preuves. On nous a trop menti dans le pass\u00e9 pour que notre sensibilit\u00e9 ne soit pas en \u00e9veil constant. Les amis de ceux qui nous ont pouss\u00e9s \u00e0 la d\u00e9b\u00e2cle ne nous sont pas chers. Il leur faudra rompre beaucoup d&rsquo;amiti\u00e9s, de pr\u00e9jug\u00e9s, de pr\u00e9ventions. Il leur faudra surtout ne pas tenir ce continuel discours dont on nous rab\u00e2che les oreilles depuis deux ans : \u00ab <em>La ma\u00e7onnerie ? Ce n&rsquo;\u00e9tait pas aussi dangereux qu&rsquo;on le dit ! Il y avait de braves gens \u00e0 l&rsquo;int\u00e9rieur<\/em> \u00bb. C&rsquo;est faux. La ma\u00e7onnerie \u00e9tait dangereuse comme la boue, comme les sables mouvants, comme le marais o\u00f9 l&rsquo;on s&rsquo;enlise, et les braves na\u00effs, \u00e0 qui les aventuriers avaient tourn\u00e9 la t\u00eate, nous ont entra\u00een\u00e9s dans leur bain de glu.<\/p>\n<p style=\"text-align: justify;\">Donc, tant mieux si les r\u00e9cup\u00e9r\u00e9s deviennent des assaillants de la vieille ma\u00e7onnerie. Qu\u2019ils frappent des co\u00fbts d&rsquo;autant plus heureux qu&rsquo;ils savent exactement o\u00f9 les porter. De m\u00eame que quelques-uns des meilleurs anticommunistes sont des communistes repentis et r\u00e9veill\u00e9s \u00e0 l&rsquo;esprit national, de m\u00eame, peut-\u00eatre, certains des meilleurs antima\u00e7ons de demain seront-ils les d\u00e9go\u00fbt\u00e9s des hypocrisies de la secte. Souhaitons qu&rsquo;il soit nombreux et sinc\u00e8res.<\/p>\n<p style=\"text-align: justify;\">Mais que de prudence dans le choix et que de surveillance de la part de ceux qui connaissent le danger de voir encore la ma\u00e7onnerie op\u00e9rer sur tous les tableaux secrets !<\/p>\n<p style=\"text-align: justify;\">Nous souhaitons que notre m\u00e9fiance soit injuste.<\/p>\n<p style=\"text-align: right;\">Paul Riche<\/p>\n","protected":false},"excerpt":{"rendered":"<p>Le dernier d\u00e9cret concernant les soci\u00e9t\u00e9s secr\u00e8tes n&rsquo;a pas manqu\u00e9 d&rsquo;attirer l&rsquo;attention de tous ceux qui s&rsquo;int\u00e9ressent, avec ou sans passion, aux questions ma\u00e7onniques. Les inquiets se sont pos\u00e9 diverses questions : \u00ab Que veut dire ce d\u00e9cret ? Est-il &hellip; <a href=\"https:\/\/monperejeanmamy.fr\/?page_id=651\">Continuer la lecture <span class=\"meta-nav\">&rarr;<\/span><\/a><\/p>\n","protected":false},"author":2,"featured_media":422,"parent":0,"menu_order":0,"comment_status":"closed","ping_status":"closed","template":"","meta":[],"folder":[],"_links":{"self":[{"href":"https:\/\/monperejeanmamy.fr\/index.php?rest_route=\/wp\/v2\/pages\/651"}],"collection":[{"href":"https:\/\/monperejeanmamy.fr\/index.php?rest_route=\/wp\/v2\/pages"}],"about":[{"href":"https:\/\/monperejeanmamy.fr\/index.php?rest_route=\/wp\/v2\/types\/page"}],"author":[{"embeddable":true,"href":"https:\/\/monperejeanmamy.fr\/index.php?rest_route=\/wp\/v2\/users\/2"}],"replies":[{"embeddable":true,"href":"https:\/\/monperejeanmamy.fr\/index.php?rest_route=%2Fwp%2Fv2%2Fcomments&post=651"}],"version-history":[{"count":1,"href":"https:\/\/monperejeanmamy.fr\/index.php?rest_route=\/wp\/v2\/pages\/651\/revisions"}],"predecessor-version":[{"id":653,"href":"https:\/\/monperejeanmamy.fr\/index.php?rest_route=\/wp\/v2\/pages\/651\/revisions\/653"}],"wp:featuredmedia":[{"embeddable":true,"href":"https:\/\/monperejeanmamy.fr\/index.php?rest_route=\/wp\/v2\/media\/422"}],"wp:attachment":[{"href":"https:\/\/monperejeanmamy.fr\/index.php?rest_route=%2Fwp%2Fv2%2Fmedia&parent=651"}],"wp:term":[{"taxonomy":"folder","embeddable":true,"href":"https:\/\/monperejeanmamy.fr\/index.php?rest_route=%2Fwp%2Fv2%2Ffolder&post=651"}],"curies":[{"name":"wp","href":"https:\/\/api.w.org\/{rel}","templated":true}]}}