{"id":90,"date":"2021-02-10T16:06:28","date_gmt":"2021-02-10T15:06:28","guid":{"rendered":"http:\/\/monperejeanmamy.fr\/?page_id=90"},"modified":"2021-03-07T18:40:15","modified_gmt":"2021-03-07T17:40:15","slug":"jean-mamy-poete-et-conteur","status":"publish","type":"page","link":"https:\/\/monperejeanmamy.fr\/?page_id=90","title":{"rendered":"Jean Mamy po\u00e8te et conteur"},"content":{"rendered":"<h1>Jean Mamy po\u00e8te.<\/h1>\n<p style=\"text-align: justify;\"><img loading=\"lazy\" class=\" wp-image-273 alignleft\" src=\"http:\/\/monperejeanmamy.fr\/wp-content\/uploads\/2021\/02\/Le-Ciel-d-aujourd-hui-209x300.jpg\" alt=\"\" width=\"129\" height=\"182\" \/>Son premier recueil, <em>Le Ciel d&rsquo;aujourd&rsquo;hui,<\/em> suivi de <em>Extravagances d&rsquo;un autre monde<\/em>, a \u00e9t\u00e9 publi\u00e9 sous le pseudonyme de Jean-Charles-Marie en avril 1940 aux \u00e9ditions du Sagittaire (anciennes \u00e9ditions Kra), fond\u00e9es en 1919 et disparues en 1979;<\/p>\n<p>Pour d\u00e9couvrir un extrait du <em>Ciel d&rsquo;aujourd&rsquo;hui<\/em> et un extrait des <em>Extravagances d&rsquo;un autre monde<\/em>, <a href=\"http:\/\/monperejeanmamy.fr\/?page_id=261\">cliquez ici<\/a>.<\/p>\n<p style=\"text-align: justify;\"><img loading=\"lazy\" class=\"alignright wp-image-274\" src=\"http:\/\/monperejeanmamy.fr\/wp-content\/uploads\/2021\/02\/Les-barreaux-d-or-221x300.jpg\" alt=\"\" width=\"131\" height=\"175\" \/>Un second recueil de po\u00e8mes, \u00e9crits en prison, d\u00e9di\u00e9 \u00ab \u00e0 tous les prisonniers politiques du monde \u00bb, intitul\u00e9 <em>Les Barreaux d&rsquo;Or, po\u00e8mes de prison<\/em>, a \u00e9t\u00e9 publi\u00e9, sous le pseudonyme Roncevaux, \u00e0 titre posthume, en 1963 \u00e0 compte d&rsquo;auteur par son fils, Bernard Mamy, aux \u00e9ditions du Ch\u00e2teau (Sion, Suisse).<a href=\"#_ftn2\" name=\"_ftnref2\"><\/a><\/p>\n<p>Pour d\u00e9couvrir un extrait des <em>Barreaux d\u2019Or<\/em>, <a href=\"http:\/\/monperejeanmamy.fr\/?page_id=276\">cliquez ici<\/a>.:<\/p>\n<p style=\"text-align: justify;\">Ces recueils (qui ne sont pas disponibles en ligne pour le moment) ne sauraient se r\u00e9sumer ni \u00e0 un seul po\u00e8me, choisi\u00a0 parmi tant d\u2019autres, ni \u00e0 quelques extraits.<\/p>\n<h1>Jean Mamy, conteur<\/h1>\n<p style=\"text-align: justify;\"><img loading=\"lazy\" class=\"alignleft wp-image-292\" src=\"http:\/\/monperejeanmamy.fr\/wp-content\/uploads\/2021\/02\/Fidele-couverture-251x300.jpg\" alt=\"\" width=\"131\" height=\"155\" \/>Jean Mamy a \u00e9crit, dans la seconde moiti\u00e9 des ann\u00e9es 30 <em>L\u2019Histoire merveilleuse de Fid\u00e8le, chien de ferme qui gu\u00e9rit les gens et les b\u00eates de leurs d\u00e9fauts, <\/em>conte in\u00e9dit destin\u00e9 aux enfants, mais surtout \u00e0 son fils, Bernard, qui le connait quasiment par c\u0153ur.<\/p>\n<p>\u00a8Pour d\u00e9couvrir ce conte, <a href=\"http:\/\/monperejeanmamy.fr\/?page_id=288\">cliquez ici.<\/a><\/p>\n<p style=\"text-align: justify;\">\n","protected":false},"excerpt":{"rendered":"<p>Jean Mamy po\u00e8te. Son premier recueil, Le Ciel d&rsquo;aujourd&rsquo;hui, suivi de Extravagances d&rsquo;un autre monde, a \u00e9t\u00e9 publi\u00e9 sous le pseudonyme de Jean-Charles-Marie en avril 1940 aux \u00e9ditions du Sagittaire (anciennes \u00e9ditions Kra), fond\u00e9es en 1919 et disparues en 1979; &hellip; <a href=\"https:\/\/monperejeanmamy.fr\/?page_id=90\">Continuer la lecture <span class=\"meta-nav\">&rarr;<\/span><\/a><\/p>\n","protected":false},"author":1,"featured_media":1142,"parent":0,"menu_order":0,"comment_status":"closed","ping_status":"closed","template":"","meta":[],"folder":[],"_links":{"self":[{"href":"https:\/\/monperejeanmamy.fr\/index.php?rest_route=\/wp\/v2\/pages\/90"}],"collection":[{"href":"https:\/\/monperejeanmamy.fr\/index.php?rest_route=\/wp\/v2\/pages"}],"about":[{"href":"https:\/\/monperejeanmamy.fr\/index.php?rest_route=\/wp\/v2\/types\/page"}],"author":[{"embeddable":true,"href":"https:\/\/monperejeanmamy.fr\/index.php?rest_route=\/wp\/v2\/users\/1"}],"replies":[{"embeddable":true,"href":"https:\/\/monperejeanmamy.fr\/index.php?rest_route=%2Fwp%2Fv2%2Fcomments&post=90"}],"version-history":[{"count":18,"href":"https:\/\/monperejeanmamy.fr\/index.php?rest_route=\/wp\/v2\/pages\/90\/revisions"}],"predecessor-version":[{"id":1153,"href":"https:\/\/monperejeanmamy.fr\/index.php?rest_route=\/wp\/v2\/pages\/90\/revisions\/1153"}],"wp:featuredmedia":[{"embeddable":true,"href":"https:\/\/monperejeanmamy.fr\/index.php?rest_route=\/wp\/v2\/media\/1142"}],"wp:attachment":[{"href":"https:\/\/monperejeanmamy.fr\/index.php?rest_route=%2Fwp%2Fv2%2Fmedia&parent=90"}],"wp:term":[{"taxonomy":"folder","embeddable":true,"href":"https:\/\/monperejeanmamy.fr\/index.php?rest_route=%2Fwp%2Fv2%2Ffolder&post=90"}],"curies":[{"name":"wp","href":"https:\/\/api.w.org\/{rel}","templated":true}]}}