{"id":907,"date":"2021-03-03T11:22:38","date_gmt":"2021-03-03T10:22:38","guid":{"rendered":"http:\/\/monperejeanmamy.fr\/?page_id=907"},"modified":"2024-01-21T12:15:32","modified_gmt":"2024-01-21T11:15:32","slug":"lettres-de-jean-mamy-a-son-avocat","status":"publish","type":"page","link":"https:\/\/monperejeanmamy.fr\/?page_id=907","title":{"rendered":"Lettres de Jean Mamy \u00e0 son avocat"},"content":{"rendered":"<p style=\"text-align: justify;\">En d\u00e9cembre 1948, quelques jours avant son proc\u00e8s Ma\u00eetre Ren\u00e9 Floriot, l&rsquo;un des plus grands t\u00e9nors du barreau de Paris qui l&rsquo;avait assist\u00e9 depuis son incarc\u00e9ration en septembre 1944, s&rsquo;est d\u00e9sist\u00e9, tr\u00e8s probablement suite \u00e0 des pressions \u00e9manant de la franc-ma\u00e7onnerie.<\/p>\n<p style=\"text-align: justify;\">C&rsquo;est l&rsquo;un de ses collaborateurs, Ma\u00eetre Pierre Leroy qui a pris la rel\u00e8ve et qui a assur\u00e9 sa d\u00e9fense dans les conditions difficiles qu&rsquo;on imagine, puis qui, apr\u00e8s sa condamnation \u00e0 mort le jour de No\u00ebl 1948, a tent\u00e9 un pourvoi en cassation rapidement rejet\u00e9 et s&rsquo;est ensuite occup\u00e9 de son recours en gr\u00e2ce aupr\u00e8s de Vincent Auriol, Pr\u00e9sident de la R\u00e9publique qui la refusa la derni\u00e8re semaine de mars 1949.<\/p>\n<p style=\"text-align: justify;\">J&rsquo;ai retrouv\u00e9 quelques unes des lettres que Jean Mamy lui \u00e0 \u00e9crit entre janvier et mars 1949; pour contribuer \u00e0 sa demande de recours en gr\u00e2ce.<\/p>\n<p style=\"text-align: justify;\">Le document le plus important, dat\u00e9 du 17 janvier 1949, est compos\u00e9 de 7 feuillets manuscrits recto-verso et contient les \u00ab<a href=\"http:\/\/monperejeanmamy.fr\/?page_id=2959\"><em> Arguments \u00e0 faire valoir pour le retour en gr\u00e2ce<\/em> <\/a>\u00bb que Jean Mamy veut mettre en avant.<\/p>\n<p>Les autres lettres disponibles sont :<\/p>\n<ul>\n<li style=\"text-align: justify;\"><a href=\"http:\/\/monperejeanmamy.fr\/?page_id=2982\">Lundi 17 janvier<\/a> : \u00ab <em>si ma famille n\u2019\u00e9tait pas l\u00e0, je consid\u00e9rerais comme un honneur indispensable de rejoindre au plus t\u00f4t mes camarades. Ceci n\u2019est pas go\u00fbt de suicide. Il n\u2019y a plus de place pour des hommes d\u00e9sint\u00e9ress\u00e9s dans une pourriture mat\u00e9rialiste.<\/em> \u00bb<\/li>\n<li style=\"text-align: justify;\"><a href=\"http:\/\/monperejeanmamy.fr\/?page_id=2984\">Jeudi 3 f\u00e9vrier<\/a> : \u00ab <em>Il me semble depuis quelque temps que je suis \u00e0 cent mille lieues du proc\u00e8s [&#8230;]\u00a0Les pays ont quelque fois des acc\u00e8s de fi\u00e8vre chaude. Je souhaite que la France officielle retrouve bient\u00f4t sa raison.<\/em> \u00bb<\/li>\n<li style=\"text-align: justify;\"><a href=\"http:\/\/monperejeanmamy.fr\/?page_id=2987\">Dimanche 20 f\u00e9vrier<\/a> : \u00ab <em>\u00catre condamn\u00e9 \u00e0 mort oblige \u00e0 regarder le monde avec des yeux moins vifs, pour explorer d&rsquo;autres domaines plus intimes.<\/em> \u00bb<\/li>\n<li style=\"text-align: justify;\"><a href=\"http:\/\/monperejeanmamy.fr\/?page_id=2989\">Mercredi 2 mars<\/a> : \u00ab <em>toute cette gauche socialiste dite r\u00e9volutionnaire, qui n\u2019est faite que de petits app\u00e9tits sectaires, soucieux de garder sa place d\u2019asticot dans le fromage parlementaire <\/em>\u00bb<\/li>\n<li style=\"text-align: justify;\"><a href=\"http:\/\/monperejeanmamy.fr\/?page_id=2991\">Vendredi 11 mars\u00a0<\/a> : \u00ab <em>\u00c9videmment, si l\u2019on en croit les apparences, on peut se dire\u00a0: je n\u2019ai plus que soixante jours \u00e0 griffonner. Apr\u00e8s\u2026 C\u2019est un autre cycle<\/em>. \u00bb<\/li>\n<li style=\"text-align: justify;\"><a href=\"http:\/\/monperejeanmamy.fr\/?page_id=2993\">Jeudi 17 mars<\/a> : \u00ab <em>Comment vous expliquer le sentiment du condamn\u00e9\u00a0? Il est si complexe. Pour celui qui a d\u00e9pass\u00e9 le stade de la souffrance, l\u2019\u00e9preuve n\u2019est rien. Mais il appara\u00eet juste de vaincre la b\u00eatise animale des pers\u00e9cuteurs<\/em>\u00a0\u00bb<\/li>\n<li style=\"text-align: justify;\"><a href=\"http:\/\/monperejeanmamy.fr\/?page_id=2995\">Dimanche 20 mars<\/a> : \u00ab <em>Si j\u2019avais eu le moindre doute sur le non retour ou les mauvais traitements des prisonniers envoy\u00e9s en Allemagne, jamais je ne me serai associ\u00e9 \u00e0 des arrestations ou des d\u00e9portations<\/em>. \u00bb<\/li>\n<li style=\"text-align: justify;\"><a href=\"http:\/\/monperejeanmamy.fr\/?page_id=2997\">Mercredi 23 mars<\/a> : \u00ab <em><u>Il fallait me fusiller plus r\u00f4t. Hier, c\u2019\u00e9tait la Justice r\u00e9publicaine. Aujourd\u2019hui ce serait brutalit\u00e9. La semaine prochaine\u00a0: assassinat.<\/u><\/em> \u00bb<\/li>\n<li style=\"text-align: justify;\"><a href=\"http:\/\/monperejeanmamy.fr\/?page_id=2999\">Samedi 26 mars<\/a> : \u00ab \u00a0<em>pour ma part, je suis dans la pleine s\u00e9r\u00e9nit\u00e9. Jamais je n\u2019ai \u00e9t\u00e9 aussi calme et d\u00e9livr\u00e9<\/em>. \u00bb<\/li>\n<\/ul>\n<p>&nbsp;<\/p>\n","protected":false},"excerpt":{"rendered":"<p>En d\u00e9cembre 1948, quelques jours avant son proc\u00e8s Ma\u00eetre Ren\u00e9 Floriot, l&rsquo;un des plus grands t\u00e9nors du barreau de Paris qui l&rsquo;avait assist\u00e9 depuis son incarc\u00e9ration en septembre 1944, s&rsquo;est d\u00e9sist\u00e9, tr\u00e8s probablement suite \u00e0 des pressions \u00e9manant de la &hellip; <a href=\"https:\/\/monperejeanmamy.fr\/?page_id=907\">Continuer la lecture <span class=\"meta-nav\">&rarr;<\/span><\/a><\/p>\n","protected":false},"author":2,"featured_media":897,"parent":0,"menu_order":0,"comment_status":"closed","ping_status":"closed","template":"","meta":[],"folder":[],"_links":{"self":[{"href":"https:\/\/monperejeanmamy.fr\/index.php?rest_route=\/wp\/v2\/pages\/907"}],"collection":[{"href":"https:\/\/monperejeanmamy.fr\/index.php?rest_route=\/wp\/v2\/pages"}],"about":[{"href":"https:\/\/monperejeanmamy.fr\/index.php?rest_route=\/wp\/v2\/types\/page"}],"author":[{"embeddable":true,"href":"https:\/\/monperejeanmamy.fr\/index.php?rest_route=\/wp\/v2\/users\/2"}],"replies":[{"embeddable":true,"href":"https:\/\/monperejeanmamy.fr\/index.php?rest_route=%2Fwp%2Fv2%2Fcomments&post=907"}],"version-history":[{"count":16,"href":"https:\/\/monperejeanmamy.fr\/index.php?rest_route=\/wp\/v2\/pages\/907\/revisions"}],"predecessor-version":[{"id":3230,"href":"https:\/\/monperejeanmamy.fr\/index.php?rest_route=\/wp\/v2\/pages\/907\/revisions\/3230"}],"wp:featuredmedia":[{"embeddable":true,"href":"https:\/\/monperejeanmamy.fr\/index.php?rest_route=\/wp\/v2\/media\/897"}],"wp:attachment":[{"href":"https:\/\/monperejeanmamy.fr\/index.php?rest_route=%2Fwp%2Fv2%2Fmedia&parent=907"}],"wp:term":[{"taxonomy":"folder","embeddable":true,"href":"https:\/\/monperejeanmamy.fr\/index.php?rest_route=%2Fwp%2Fv2%2Ffolder&post=907"}],"curies":[{"name":"wp","href":"https:\/\/api.w.org\/{rel}","templated":true}]}}